CRAN Package Check Results for Package namedCapture

Last updated on 2022-12-02 19:49:45 CET.

Flavor Version Tinstall Tcheck Ttotal Status Flags
r-devel-linux-x86_64-debian-clang 2020.4.1 1.88 31.18 33.06 NOTE
r-devel-linux-x86_64-debian-gcc 2020.4.1 1.65 23.99 25.64 NOTE
r-devel-linux-x86_64-fedora-clang 2020.4.1 54.50 NOTE
r-devel-linux-x86_64-fedora-gcc 2020.4.1 58.57 NOTE
r-devel-windows-x86_64 2020.4.1 37.00 63.00 100.00 NOTE
r-patched-linux-x86_64 2020.4.1 2.50 29.76 32.26 NOTE
r-release-linux-x86_64 2020.4.1 1.90 32.09 33.99 NOTE
r-release-macos-arm64 2020.4.1 17.00 NOTE
r-release-macos-x86_64 2020.4.1 27.00 NOTE
r-release-windows-x86_64 2020.4.1 31.00 75.00 106.00 NOTE
r-oldrel-macos-arm64 2020.4.1 26.00 NOTE
r-oldrel-macos-x86_64 2020.4.1 38.00 NOTE
r-oldrel-windows-ix86+x86_64 2020.4.1 6.00 58.00 64.00 OK

Check Details

Version: 2020.4.1
Check: package dependencies
Result: NOTE
    Package suggested but not available for checking: 're2r'
Flavors: r-devel-linux-x86_64-debian-clang, r-devel-linux-x86_64-debian-gcc, r-devel-linux-x86_64-fedora-clang, r-devel-linux-x86_64-fedora-gcc, r-devel-windows-x86_64, r-patched-linux-x86_64, r-release-linux-x86_64, r-release-macos-arm64, r-release-macos-x86_64, r-release-windows-x86_64, r-oldrel-macos-arm64, r-oldrel-macos-x86_64