Last updated on 2023-12-09 04:51:00 CET.
Flavor | Version | Tinstall | Tcheck | Ttotal | Status | Flags |
---|---|---|---|---|---|---|
r-devel-linux-x86_64-debian-clang | 2020.4.1 | 1.87 | 30.59 | 32.46 | NOTE | |
r-devel-linux-x86_64-debian-gcc | 2020.4.1 | 1.79 | 23.72 | 25.51 | NOTE | |
r-devel-linux-x86_64-fedora-clang | 2020.4.1 | 44.05 | NOTE | |||
r-devel-linux-x86_64-fedora-gcc | 2020.4.1 | 59.02 | NOTE | |||
r-devel-windows-x86_64 | 2020.4.1 | 4.00 | 48.00 | 52.00 | NOTE | |
r-patched-linux-x86_64 | 2020.4.1 | 2.60 | 29.65 | 32.25 | NOTE | |
r-release-linux-x86_64 | 2020.4.1 | 2.37 | 29.36 | 31.73 | NOTE | |
r-release-macos-arm64 | 2020.4.1 | 25.00 | NOTE | |||
r-release-macos-x86_64 | 2020.4.1 | 41.00 | NOTE | |||
r-release-windows-x86_64 | 2020.4.1 | 3.00 | 49.00 | 52.00 | NOTE | |
r-oldrel-macos-arm64 | 2020.4.1 | 20.00 | NOTE | |||
r-oldrel-macos-x86_64 | 2020.4.1 | 27.00 | NOTE | |||
r-oldrel-windows-x86_64 | 2020.4.1 | 5.00 | 53.00 | 58.00 | NOTE |
Version: 2020.4.1
Check: package dependencies
Result: NOTE
Package suggested but not available for checking: ‘re2r’
Flavors: r-devel-linux-x86_64-debian-clang, r-devel-linux-x86_64-debian-gcc, r-devel-linux-x86_64-fedora-clang, r-devel-linux-x86_64-fedora-gcc, r-devel-windows-x86_64, r-patched-linux-x86_64, r-release-linux-x86_64, r-release-macos-arm64, r-release-macos-x86_64, r-release-windows-x86_64, r-oldrel-macos-arm64, r-oldrel-macos-x86_64, r-oldrel-windows-x86_64
Version: 2020.4.1
Check: Rd contents
Result: NOTE
Argument items with no description in Rd file 'check_subject_pattern.Rd':
‘subject.vec’ ‘pattern’
Argument items with no description in Rd file 'names_or_error.Rd':
‘pattern’
Argument items with no description in Rd file 'only_captures.Rd':
‘match.mat’ ‘pattern’
Argument items with no description in Rd file 'stop_for_names.Rd':
‘pattern’
Flavors: r-devel-linux-x86_64-debian-clang, r-devel-linux-x86_64-debian-gcc, r-devel-linux-x86_64-fedora-clang, r-devel-linux-x86_64-fedora-gcc, r-devel-windows-x86_64