CRAN Package Check Results for Package namedropR

Last updated on 2024-06-21 23:55:12 CEST.

Flavor Version Tinstall Tcheck Ttotal Status Flags
r-devel-linux-x86_64-debian-clang 2.4.1 10.08 113.94 124.02 NOTE
r-devel-linux-x86_64-debian-gcc 2.4.1 5.80 81.79 87.59 NOTE
r-devel-linux-x86_64-fedora-clang 2.4.1 153.49 NOTE
r-devel-linux-x86_64-fedora-gcc 2.4.1 156.32 NOTE
r-devel-windows-x86_64 2.4.1 8.00 93.00 101.00 NOTE
r-patched-linux-x86_64 2.4.1 6.86 106.25 113.11 NOTE
r-release-linux-x86_64 2.4.1 5.11 105.01 110.12 NOTE
r-release-macos-arm64 2.4.1 54.00 NOTE
r-release-macos-x86_64 2.4.1 90.00 NOTE
r-release-windows-x86_64 2.4.1 8.00 95.00 103.00 NOTE
r-oldrel-macos-arm64 2.4.1 50.00 OK
r-oldrel-macos-x86_64 2.4.1 84.00 OK
r-oldrel-windows-x86_64 2.4.1 10.00 117.00 127.00 OK

Check Details

Version: 2.4.1
Check: Rd files
Result: NOTE checkRd: (-1) drop_name_crossref.Rd:49: Lost braces; missing escapes or markup? 49 | Takes one or several dois and extracts information from Crossref, then processes them into visual citations with \code{\link{drop_name}}. Requires {rcrossref} > v1.1, see README for further details. | ^ Flavors: r-devel-linux-x86_64-debian-clang, r-devel-linux-x86_64-debian-gcc, r-devel-linux-x86_64-fedora-clang, r-devel-linux-x86_64-fedora-gcc, r-devel-windows-x86_64, r-patched-linux-x86_64, r-release-linux-x86_64, r-release-macos-arm64, r-release-macos-x86_64, r-release-windows-x86_64