CRAN Package Check Results for Package nat

Last updated on 2024-07-12 19:55:09 CEST.

Flavor Version Tinstall Tcheck Ttotal Status Flags
r-devel-linux-x86_64-debian-clang 1.8.24 17.63 183.59 201.22 OK
r-devel-linux-x86_64-debian-gcc 1.8.24 13.94 132.95 146.89 OK
r-devel-linux-x86_64-fedora-clang 1.8.24 256.07 NOTE
r-devel-linux-x86_64-fedora-gcc 1.8.24 252.73 NOTE
r-devel-windows-x86_64 1.8.24 20.00 171.00 191.00 NOTE
r-patched-linux-x86_64 1.8.24 23.82 172.62 196.44 OK
r-release-linux-x86_64 1.8.24 18.82 173.67 192.49 OK
r-release-macos-arm64 1.8.24 77.00 OK
r-release-macos-x86_64 1.8.24 143.00 OK
r-release-windows-x86_64 1.8.24 18.00 172.00 190.00 OK
r-oldrel-macos-arm64 1.8.24 119.00 OK
r-oldrel-macos-x86_64 1.8.24 154.00 OK
r-oldrel-windows-x86_64 1.8.24 23.00 203.00 226.00 OK

Check Details

Version: 1.8.24
Check: for detritus in the temp directory
Result: NOTE Found the following files/directories: ‘Crashpad’ Flavors: r-devel-linux-x86_64-fedora-clang, r-devel-linux-x86_64-fedora-gcc

Version: 1.8.24
Check: Rd cross-references
Result: NOTE Found the following Rd file(s) with Rd \link{} targets missing package anchors: as.mesh3d.Rd: rgl boundingbox.Rd: mesh3d cmtk.reformatx.Rd: RunCmdForNewerInput, makelock find.neuron.Rd: select3d find.soma.Rd: select3d nat-package.Rd: igraph, select3d, rgl ndigest.Rd: digest neuron.Rd: dfs ngraph.Rd: igraph nopen3d.Rd: open3d nview3d.Rd: view3d pan3d.Rd: rgl.setMouseCallbacks seglist.Rd: igraph Please provide package anchors for all Rd \link{} targets not in the package itself and the base packages. Flavor: r-devel-windows-x86_64