CRAN Package Check Results for Package nat.nblast

Last updated on 2022-10-04 17:52:48 CEST.

Flavor Version Tinstall Tcheck Ttotal Status Flags
r-devel-linux-x86_64-debian-clang 1.6.5 9.69 106.50 116.19 OK
r-devel-linux-x86_64-debian-gcc 1.6.5 8.34 79.08 87.42 OK
r-devel-linux-x86_64-fedora-clang 1.6.5 165.91 NOTE
r-devel-linux-x86_64-fedora-gcc 1.6.5 156.00 NOTE
r-devel-windows-x86_64 1.6.5 35.00 139.00 174.00 OK
r-patched-linux-x86_64 1.6.5 13.52 101.69 115.21 OK
r-release-linux-x86_64 1.6.5 9.71 100.96 110.67 OK
r-release-macos-arm64 1.6.5 41.00 OK
r-release-macos-x86_64 1.6.5 58.00 OK
r-release-windows-x86_64 1.6.5 42.00 134.00 176.00 OK
r-oldrel-macos-arm64 1.6.5 56.00 OK
r-oldrel-macos-x86_64 1.6.5 73.00 OK
r-oldrel-windows-ix86+x86_64 1.6.5 22.00 123.00 145.00 OK

Check Details

Version: 1.6.5
Check: for detritus in the temp directory
Result: NOTE
    Found the following files/directories:
     ‘Crashpad’
Flavors: r-devel-linux-x86_64-fedora-clang, r-devel-linux-x86_64-fedora-gcc