CRAN Package Check Results for Package nat.nblast

Last updated on 2024-07-21 14:49:40 CEST.

Flavor Version Tinstall Tcheck Ttotal Status Flags
r-devel-linux-x86_64-debian-clang 1.6.7 11.87 111.30 123.17 OK
r-devel-linux-x86_64-debian-gcc 1.6.7 8.05 83.55 91.60 NOTE
r-devel-linux-x86_64-fedora-clang 1.6.7 151.11 OK
r-devel-linux-x86_64-fedora-gcc 1.6.7 162.40 NOTE
r-devel-windows-x86_64 1.6.7 11.00 103.00 114.00 NOTE
r-patched-linux-x86_64 1.6.7 18.03 106.44 124.47 OK
r-release-linux-x86_64 1.6.7 6.73 101.57 108.30 OK
r-release-macos-arm64 1.6.7 68.00 OK
r-release-macos-x86_64 1.6.7 99.00 OK
r-release-windows-x86_64 1.6.7 10.00 104.00 114.00 OK
r-oldrel-macos-arm64 1.6.7 68.00 OK
r-oldrel-macos-x86_64 1.6.7 95.00 ERROR
r-oldrel-windows-x86_64 1.6.7 13.00 120.00 133.00 OK

Check Details

Version: 1.6.7
Check: Rd cross-references
Result: NOTE Found the following Rd file(s) with Rd \link{} targets missing package anchors: WeightedNNBasedLinesetMatching.Rd: dotprops, neuron nat.nblast-package.Rd: neuronlist, neuronlistfh nblast.Rd: nat-package, plyr nblast_allbyall.Rd: neuronlist neuron_pairs.Rd: neuronlist plot3d.hclust.Rd: slice, colour_clusters Please provide package anchors for all Rd \link{} targets not in the package itself and the base packages. Flavors: r-devel-linux-x86_64-debian-gcc, r-devel-windows-x86_64

Version: 1.6.7
Check: for detritus in the temp directory
Result: NOTE Found the following files/directories: ‘Crashpad’ Flavor: r-devel-linux-x86_64-fedora-gcc

Version: 1.6.7
Check: re-building of vignette outputs
Result: ERROR Error(s) in re-building vignettes: ... --- re-building ‘NBLAST-Clustering.Rmd’ using rmarkdown Pandoc is required to build R Markdown vignettes but not available. Please make sure it is installed. 2023-07-10 21:31:32.757 R[43986:2287591920] XType: Using static font registry. Quitting from lines 57-60 [unnamed-chunk-5] (NBLAST-Clustering.Rmd) Error: processing vignette 'NBLAST-Clustering.Rmd' failed with diagnostics: Saving a widget with selfcontained = TRUE requires pandoc. See here to learn more https://bookdown.org/yihui/rmarkdown-cookbook/install-pandoc.html --- failed re-building ‘NBLAST-Clustering.Rmd’ SUMMARY: processing the following file failed: ‘NBLAST-Clustering.Rmd’ Error: Vignette re-building failed. Execution halted Flavor: r-oldrel-macos-x86_64