CRAN Package Check Results for Package ncappc

Last updated on 2023-11-30 23:55:47 CET.

Flavor Version Tinstall Tcheck Ttotal Status Flags
r-devel-linux-x86_64-debian-clang 0.3.0 15.29 103.04 118.33 NOTE
r-devel-linux-x86_64-debian-gcc 0.3.0 12.91 75.00 87.91 NOTE
r-devel-linux-x86_64-fedora-clang 0.3.0 154.72 NOTE
r-devel-linux-x86_64-fedora-gcc 0.3.0 159.17 NOTE
r-devel-windows-x86_64 0.3.0 15.00 92.00 107.00 NOTE
r-patched-linux-x86_64 0.3.0 10.19 94.64 104.83 NOTE
r-release-linux-x86_64 0.3.0 9.19 95.98 105.17 NOTE
r-release-macos-arm64 0.3.0 55.00 NOTE
r-release-macos-x86_64 0.3.0 70.00 NOTE
r-release-windows-x86_64 0.3.0 19.00 107.00 126.00 NOTE
r-oldrel-macos-arm64 0.3.0 44.00 NOTE
r-oldrel-macos-x86_64 0.3.0 73.00 NOTE
r-oldrel-windows-x86_64 0.3.0 20.00 107.00 127.00 NOTE

Check Details

Version: 0.3.0
Check: LazyData
Result: NOTE 'LazyData' is specified without a 'data' directory Flavors: r-devel-linux-x86_64-debian-clang, r-devel-linux-x86_64-debian-gcc, r-devel-linux-x86_64-fedora-clang, r-devel-linux-x86_64-fedora-gcc, r-devel-windows-x86_64, r-patched-linux-x86_64, r-release-linux-x86_64, r-release-macos-arm64, r-release-macos-x86_64, r-release-windows-x86_64, r-oldrel-macos-arm64, r-oldrel-macos-x86_64, r-oldrel-windows-x86_64

Version: 0.3.0
Check: dependencies in R code
Result: NOTE Namespace in Imports field not imported from: ‘bookdown’ All declared Imports should be used. Flavors: r-devel-linux-x86_64-fedora-clang, r-devel-linux-x86_64-fedora-gcc, r-oldrel-macos-arm64, r-oldrel-macos-x86_64