CRAN Package Check Results for Package ncmeta

Last updated on 2022-10-04 03:56:47 CEST.

Flavor Version Tinstall Tcheck Ttotal Status Flags
r-devel-linux-x86_64-debian-clang 0.3.0 5.57 66.55 72.12 NOTE
r-devel-linux-x86_64-debian-gcc 0.3.0 5.23 50.31 55.54 NOTE
r-devel-linux-x86_64-fedora-clang 0.3.0 99.05 NOTE
r-devel-linux-x86_64-fedora-gcc 0.3.0 100.57 NOTE
r-devel-windows-x86_64 0.3.0 29.00 93.00 122.00 NOTE
r-patched-linux-x86_64 0.3.0 7.10 63.01 70.11 NOTE
r-release-linux-x86_64 0.3.0 4.27 62.99 67.26 NOTE
r-release-macos-arm64 0.3.0 25.00 NOTE
r-release-macos-x86_64 0.3.0 51.00 NOTE
r-release-windows-x86_64 0.3.0 33.00 89.00 122.00 NOTE
r-oldrel-macos-arm64 0.3.0 32.00 NOTE
r-oldrel-macos-x86_64 0.3.0 41.00 NOTE
r-oldrel-windows-ix86+x86_64 0.3.0 18.00 98.00 116.00 WARN

Check Details

Version: 0.3.0
Check: LazyData
Result: NOTE
     'LazyData' is specified without a 'data' directory
Flavors: r-devel-linux-x86_64-debian-clang, r-devel-linux-x86_64-debian-gcc, r-devel-linux-x86_64-fedora-clang, r-devel-linux-x86_64-fedora-gcc, r-devel-windows-x86_64, r-patched-linux-x86_64, r-release-linux-x86_64, r-release-macos-arm64, r-release-macos-x86_64, r-release-windows-x86_64, r-oldrel-macos-arm64, r-oldrel-macos-x86_64, r-oldrel-windows-ix86+x86_64

Version: 0.3.0
Check: for unstated dependencies in ‘tests’
Result: WARN
    Warning: unable to access index for repository https://bioconductor.org/packages/3.14/bioc/src/contrib:
     cannot open URL 'https://bioconductor.org/packages/3.14/bioc/src/contrib/PACKAGES'
    Warning: unable to access index for repository https://bioconductor.org/packages/3.14/data/annotation/src/contrib:
     cannot open URL 'https://bioconductor.org/packages/3.14/data/annotation/src/contrib/PACKAGES'
    Warning: unable to access index for repository https://bioconductor.org/packages/3.14/data/experiment/src/contrib:
     cannot open URL 'https://bioconductor.org/packages/3.14/data/experiment/src/contrib/PACKAGES'
Flavor: r-oldrel-windows-ix86+x86_64