CRAN Package Check Results for Package ndtv

Last updated on 2020-09-27 22:46:51 CEST.

Flavor Version Tinstall Tcheck Ttotal Status Flags
r-devel-linux-x86_64-debian-clang 0.13.0 7.68 383.86 391.54 NOTE
r-devel-linux-x86_64-debian-gcc 0.13.0 5.55 232.47 238.02 NOTE
r-devel-linux-x86_64-fedora-clang 0.13.0 495.79 NOTE
r-devel-linux-x86_64-fedora-gcc 0.13.0 423.41 NOTE
r-devel-windows-ix86+x86_64 0.13.0 14.00 153.00 167.00 OK --no-vignettes
r-patched-linux-x86_64 0.13.0 7.03 429.04 436.07 NOTE
r-patched-solaris-x86 0.13.0 493.50 NOTE --no-build-vignettes
r-release-linux-x86_64 0.13.0 6.64 384.61 391.25 NOTE
r-release-macos-x86_64 0.13.0 OK
r-release-windows-ix86+x86_64 0.13.0 30.00 174.00 204.00 OK --no-vignettes
r-oldrel-macos-x86_64 0.13.0 OK
r-oldrel-windows-ix86+x86_64 0.13.0 11.00 167.00 178.00 OK --no-vignettes

Check Details

Version: 0.13.0
Check: for non-standard things in the check directory
Result: NOTE
    Found the following files/directories:
     'testNet.dot' 'toy_epi_sim.net'
Flavors: r-devel-linux-x86_64-debian-clang, r-devel-linux-x86_64-debian-gcc, r-devel-linux-x86_64-fedora-clang, r-devel-linux-x86_64-fedora-gcc, r-patched-linux-x86_64, r-release-linux-x86_64

Version: 0.13.0
Flags: --no-build-vignettes
Check: for non-standard things in the check directory
Result: NOTE
    Found the following files/directories:
     ‘testNet.dot’ ‘toy_epi_sim.net’
Flavor: r-patched-solaris-x86