CRAN Package Check Results for Package ndvtest

Last updated on 2022-08-15 13:52:05 CEST.

Flavor Version Tinstall Tcheck Ttotal Status Flags
r-devel-linux-x86_64-debian-clang 1.0-0 3.25 68.30 71.55 ERROR
r-devel-linux-x86_64-debian-gcc 1.0-0 3.06 56.39 59.45 OK
r-devel-linux-x86_64-fedora-clang 1.0-0 103.06 OK
r-devel-linux-x86_64-fedora-gcc 1.0-0 107.26 OK
r-devel-windows-x86_64 1.0-0 9.00 115.00 124.00 OK
r-patched-linux-x86_64 1.0-0 3.09 72.91 76.00 OK
r-release-linux-x86_64 1.0-0 3.62 71.09 74.71 OK
r-release-macos-arm64 1.0-0 34.00 OK
r-release-macos-x86_64 1.0-0 47.00 OK
r-release-windows-x86_64 1.0-0 11.00 114.00 125.00 OK
r-oldrel-macos-arm64 1.0-0 30.00 OK
r-oldrel-macos-x86_64 1.0-0 41.00 OK
r-oldrel-windows-ix86+x86_64 1.0-0 9.00 114.00 123.00 OK

Check Details

Version: 1.0-0
Check: re-building of vignette outputs
Result: ERROR
    Error(s) in re-building vignettes:
     ...
    --- re-building 'ndvtest.Rmd' using rmarkdown
    Quitting from lines 641-648 (ndvtest.Rmd)
    Error: processing vignette 'ndvtest.Rmd' failed with diagnostics:
    input string 2 is invalid
    --- failed re-building 'ndvtest.Rmd'
    
    SUMMARY: processing the following file failed:
     'ndvtest.Rmd'
    
    Error: Vignette re-building failed.
    Execution halted
Flavor: r-devel-linux-x86_64-debian-clang