Last updated on 2022-06-25 00:50:52 CEST.
Flavor | Version | Tinstall | Tcheck | Ttotal | Status | Flags |
---|---|---|---|---|---|---|
r-devel-linux-x86_64-debian-clang | 0.2 | 1.90 | 23.25 | 25.15 | NOTE | |
r-devel-linux-x86_64-debian-gcc | 0.2 | 1.61 | 17.73 | 19.34 | NOTE | |
r-devel-linux-x86_64-fedora-clang | 0.2 | 41.52 | NOTE | |||
r-devel-linux-x86_64-fedora-gcc | 0.2 | 40.72 | NOTE | |||
r-devel-windows-x86_64 | 0.2 | 12.00 | 54.00 | 66.00 | NOTE | |
r-patched-linux-x86_64 | 0.2 | 2.13 | 22.17 | 24.30 | NOTE | |
r-release-linux-x86_64 | 0.2 | 1.98 | 22.72 | 24.70 | NOTE | |
r-release-macos-arm64 | 0.2 | 16.00 | NOTE | |||
r-release-macos-x86_64 | 0.2 | 20.00 | NOTE | |||
r-release-windows-x86_64 | 0.2 | 12.00 | 31.00 | 43.00 | NOTE | |
r-oldrel-macos-arm64 | 0.2 | 22.00 | NOTE | |||
r-oldrel-macos-x86_64 | 0.2 | 28.00 | NOTE | |||
r-oldrel-windows-ix86+x86_64 | 0.2 | 5.00 | 42.00 | 47.00 | NOTE |
Version: 0.2
Check: DESCRIPTION meta-information
Result: NOTE
BugReports field is not a suitable URL but contains an email address:
use the Contact field instead
Flavors: r-devel-linux-x86_64-debian-clang, r-devel-linux-x86_64-debian-gcc, r-devel-linux-x86_64-fedora-clang, r-devel-linux-x86_64-fedora-gcc, r-devel-windows-x86_64, r-patched-linux-x86_64, r-release-linux-x86_64, r-release-macos-arm64, r-release-macos-x86_64, r-release-windows-x86_64, r-oldrel-macos-arm64, r-oldrel-macos-x86_64, r-oldrel-windows-ix86+x86_64