CRAN Package Check Results for Package neo4r

Last updated on 2021-04-16 11:51:21 CEST.

Flavor Version Tinstall Tcheck Ttotal Status Flags
r-devel-linux-x86_64-debian-clang 0.1.1 6.91 54.60 61.51 NOTE
r-devel-linux-x86_64-debian-gcc 0.1.1 5.77 41.40 47.17 NOTE
r-devel-linux-x86_64-fedora-clang 0.1.1 83.72 NOTE
r-devel-linux-x86_64-fedora-gcc 0.1.1 74.76 NOTE
r-devel-windows-ix86+x86_64 0.1.1 17.00 12.00 29.00 ERROR
r-devel-windows-x86_64-gcc10-UCRT 0.1.1 NOTE
r-patched-linux-x86_64 0.1.1 7.12 50.98 58.10 OK
r-patched-solaris-x86 0.1.1 105.40 NOTE
r-release-linux-x86_64 0.1.1 6.67 51.79 58.46 OK
r-release-macos-x86_64 0.1.1 NOTE
r-release-windows-ix86+x86_64 0.1.1 19.00 75.00 94.00 OK
r-oldrel-macos-x86_64 0.1.1 NOTE
r-oldrel-windows-ix86+x86_64 0.1.1 9.00 69.00 78.00 OK

Check Details

Version: 0.1.1
Check: LazyData
Result: NOTE
     'LazyData' is specified without a 'data' directory
Flavors: r-devel-linux-x86_64-debian-clang, r-devel-linux-x86_64-debian-gcc, r-devel-linux-x86_64-fedora-clang, r-devel-linux-x86_64-fedora-gcc, r-devel-windows-x86_64-gcc10-UCRT

Version: 0.1.1
Check: dependencies in R code
Result: NOTE
    Namespaces in Imports field not imported from:
     ‘igraph’ ‘rlang’ ‘tidyselect’
     All declared Imports should be used.
Flavors: r-devel-linux-x86_64-fedora-clang, r-devel-linux-x86_64-fedora-gcc, r-devel-windows-x86_64-gcc10-UCRT, r-patched-solaris-x86, r-release-macos-x86_64, r-oldrel-macos-x86_64

Version: 0.1.1
Check: whether package can be installed
Result: ERROR
    Installation failed.
Flavor: r-devel-windows-ix86+x86_64