Last updated on 2023-03-27 22:52:21 CEST.
Flavor | Version | Tinstall | Tcheck | Ttotal | Status | Flags |
---|---|---|---|---|---|---|
r-devel-linux-x86_64-debian-clang | 2.1.6 | 6.95 | 373.79 | 380.74 | OK | |
r-devel-linux-x86_64-debian-gcc | 2.1.6 | 6.53 | 269.17 | 275.70 | OK | |
r-devel-linux-x86_64-fedora-clang | 2.1.6 | 441.59 | NOTE | |||
r-devel-linux-x86_64-fedora-gcc | 2.1.6 | 470.26 | NOTE | |||
r-patched-linux-x86_64 | 2.1.6 | 7.56 | 352.66 | 360.22 | OK | |
r-release-linux-x86_64 | 2.1.6 | 5.10 | 344.86 | 349.96 | OK | |
r-release-macos-arm64 | 2.1.6 | 76.00 | NOTE | |||
r-release-macos-x86_64 | 2.1.6 | 153.00 | NOTE | |||
r-release-windows-x86_64 | 2.1.6 | 22.00 | 409.00 | 431.00 | OK | |
r-oldrel-macos-arm64 | 2.1.6 | 94.00 | NOTE | |||
r-oldrel-macos-x86_64 | 2.1.6 | 155.00 | NOTE | |||
r-oldrel-windows-ix86+x86_64 | 2.1.6 | 16.00 | 469.00 | 485.00 | OK |
Version: 2.1.6
Check: dependencies in R code
Result: NOTE
Namespaces in Imports field not imported from:
‘ggfortify’ ‘ggplot2’ ‘ggraph’ ‘reshape2’
All declared Imports should be used.
Flavors: r-devel-linux-x86_64-fedora-clang, r-devel-linux-x86_64-fedora-gcc, r-release-macos-arm64, r-release-macos-x86_64, r-oldrel-macos-arm64, r-oldrel-macos-x86_64