CRAN Package Check Results for Package netcontrol

Last updated on 2023-03-24 21:59:57 CET.

Flavor Version Tinstall Tcheck Ttotal Status Flags
r-devel-linux-x86_64-debian-clang 0.1 40.77 76.47 117.24 NOTE
r-devel-linux-x86_64-debian-gcc 0.1 33.12 59.13 92.25 NOTE
r-devel-linux-x86_64-fedora-clang 0.1 157.78 NOTE
r-devel-linux-x86_64-fedora-gcc 0.1 141.89 NOTE
r-patched-linux-x86_64 0.1 32.33 73.21 105.54 OK
r-release-linux-x86_64 0.1 33.98 73.01 106.99 OK
r-release-macos-arm64 0.1 40.00 OK
r-release-macos-x86_64 0.1 55.00 OK
r-release-windows-x86_64 0.1 46.00 120.00 166.00 OK
r-oldrel-macos-arm64 0.1 49.00 OK
r-oldrel-macos-x86_64 0.1 77.00 OK
r-oldrel-windows-ix86+x86_64 0.1 95.00 138.00 233.00 OK

Check Details

Version: 0.1
Check: C++ specification
Result: NOTE
     Specified C++11: please drop specification unless essential
Flavors: r-devel-linux-x86_64-debian-clang, r-devel-linux-x86_64-debian-gcc, r-devel-linux-x86_64-fedora-clang, r-devel-linux-x86_64-fedora-gcc