CRAN Package Check Results for Package netdep

Last updated on 2020-01-18 22:48:38 CET.

Flavor Version Tinstall Tcheck Ttotal Status Flags
r-devel-linux-x86_64-debian-clang 0.1.0 2.90 63.64 66.54 OK
r-devel-linux-x86_64-debian-gcc 0.1.0 2.34 47.76 50.10 OK
r-devel-linux-x86_64-fedora-clang 0.1.0 78.81 NOTE
r-devel-linux-x86_64-fedora-gcc 0.1.0 75.98 NOTE
r-devel-windows-ix86+x86_64 0.1.0 10.00 97.00 107.00 OK
r-devel-windows-ix86+x86_64-gcc8 0.1.0 7.00 108.00 115.00 OK
r-patched-linux-x86_64 0.1.0 2.39 57.07 59.46 OK
r-patched-solaris-x86 0.1.0 99.70 NOTE
r-release-linux-x86_64 0.1.0 2.36 57.42 59.78 OK
r-release-windows-ix86+x86_64 0.1.0 8.00 99.00 107.00 OK
r-release-osx-x86_64 0.1.0 NOTE
r-oldrel-windows-ix86+x86_64 0.1.0 5.00 72.00 77.00 OK
r-oldrel-osx-x86_64 0.1.0 NOTE

Check Details

Version: 0.1.0
Check: dependencies in R code
Result: NOTE
    Namespace in Imports field not imported from: ‘mvrtn’
     All declared Imports should be used.
Flavors: r-devel-linux-x86_64-fedora-clang, r-devel-linux-x86_64-fedora-gcc, r-patched-solaris-x86, r-release-osx-x86_64, r-oldrel-osx-x86_64