CRAN Package Check Results for Package netdep

Last updated on 2020-08-04 09:48:34 CEST.

Flavor Version Tinstall Tcheck Ttotal Status Flags
r-devel-linux-x86_64-debian-clang 0.1.0 3.07 62.62 65.69 OK
r-devel-linux-x86_64-debian-gcc 0.1.0 2.32 46.20 48.52 OK
r-devel-linux-x86_64-fedora-clang 0.1.0 84.75 NOTE
r-devel-linux-x86_64-fedora-gcc 0.1.0 76.40 NOTE
r-devel-windows-ix86+x86_64 0.1.0 9.00 74.00 83.00 OK
r-patched-linux-x86_64 0.1.0 2.73 61.11 63.84 OK
r-patched-solaris-x86 0.1.0 108.00 NOTE
r-release-linux-x86_64 0.1.0 2.83 61.45 64.28 OK
r-release-macos-x86_64 0.1.0 NOTE
r-release-windows-ix86+x86_64 0.1.0 9.00 101.00 110.00 OK
r-oldrel-macos-x86_64 0.1.0 NOTE
r-oldrel-windows-ix86+x86_64 0.1.0 5.00 88.00 93.00 OK

Check Details

Version: 0.1.0
Check: dependencies in R code
Result: NOTE
    Namespace in Imports field not imported from: ‘mvrtn’
     All declared Imports should be used.
Flavors: r-devel-linux-x86_64-fedora-clang, r-devel-linux-x86_64-fedora-gcc, r-patched-solaris-x86, r-release-macos-x86_64, r-oldrel-macos-x86_64