CRAN Package Check Results for Package netjack

Last updated on 2020-12-05 05:48:20 CET.

Flavor Version Tinstall Tcheck Ttotal Status Flags
r-devel-linux-x86_64-debian-clang 1.2.0 4.79 58.61 63.40 OK
r-devel-linux-x86_64-debian-gcc 1.2.0 3.93 45.26 49.19 OK
r-devel-linux-x86_64-fedora-clang 1.2.0 78.07 NOTE
r-devel-linux-x86_64-fedora-gcc 1.2.0 70.27 NOTE
r-devel-windows-ix86+x86_64 1.2.0 12.00 80.00 92.00 OK
r-patched-linux-x86_64 1.2.0 4.41 56.76 61.17 OK
r-patched-solaris-x86 1.2.0 101.50 NOTE
r-release-linux-x86_64 1.2.0 5.24 56.94 62.18 OK
r-release-macos-x86_64 1.2.0 NOTE
r-release-windows-ix86+x86_64 1.2.0 8.00 62.00 70.00 OK
r-oldrel-macos-x86_64 1.2.0 NOTE
r-oldrel-windows-ix86+x86_64 1.2.0 6.00 81.00 87.00 OK

Check Details

Version: 1.2.0
Check: dependencies in R code
Result: NOTE
    Namespace in Imports field not imported from: ‘Rdpack’
     All declared Imports should be used.
Flavors: r-devel-linux-x86_64-fedora-clang, r-devel-linux-x86_64-fedora-gcc, r-patched-solaris-x86, r-release-macos-x86_64, r-oldrel-macos-x86_64