CRAN Package Check Results for Package netrankr

Last updated on 2019-09-22 11:46:20 CEST.

Flavor Version Tinstall Tcheck Ttotal Status Flags
r-devel-linux-x86_64-debian-clang 0.2.1 120.42 68.95 189.37 OK
r-devel-linux-x86_64-debian-gcc 0.2.1 95.91 54.77 150.68 OK
r-devel-linux-x86_64-fedora-clang 0.2.1 305.77 NOTE
r-devel-linux-x86_64-fedora-gcc 0.2.1 290.20 OK
r-devel-windows-ix86+x86_64 0.2.1 349.00 152.00 501.00 OK
r-patched-linux-x86_64 0.2.1 107.74 67.59 175.33 OK
r-patched-solaris-x86 0.2.1 281.90 OK
r-release-linux-x86_64 0.2.1 108.78 68.28 177.06 OK
r-release-windows-ix86+x86_64 0.2.1 246.00 116.00 362.00 OK
r-release-osx-x86_64 0.2.1 OK
r-oldrel-windows-ix86+x86_64 0.2.1 240.00 93.00 333.00 OK
r-oldrel-osx-x86_64 0.2.1 OK

Check Details

Version: 0.2.1
Check: installed package size
Result: NOTE
     installed size is 5.4Mb
     sub-directories of 1Mb or more:
     libs 4.2Mb
Flavor: r-devel-linux-x86_64-fedora-clang