CRAN Package Check Results for Package netrankr

Last updated on 2020-02-23 10:48:56 CET.

Flavor Version Tinstall Tcheck Ttotal Status Flags
r-devel-linux-x86_64-debian-clang 0.2.1 150.13 79.78 229.91 OK
r-devel-linux-x86_64-debian-gcc 0.2.1 91.25 60.72 151.97 OK
r-devel-linux-x86_64-fedora-clang 0.2.1 317.27 NOTE
r-devel-linux-x86_64-fedora-gcc 0.2.1 285.52 OK
r-devel-windows-ix86+x86_64 0.2.1 273.00 120.00 393.00 OK
r-devel-windows-ix86+x86_64-gcc8 0.2.1 403.00 168.00 571.00 OK
r-patched-linux-x86_64 0.2.1 OK
r-patched-solaris-x86 0.2.1 277.50 OK
r-release-linux-x86_64 0.2.1 113.24 69.82 183.06 OK
r-release-windows-ix86+x86_64 0.2.1 261.00 116.00 377.00 OK
r-release-osx-x86_64 0.2.1 OK
r-oldrel-windows-ix86+x86_64 0.2.1 325.00 100.00 425.00 OK
r-oldrel-osx-x86_64 0.2.1 OK

Check Details

Version: 0.2.1
Check: installed package size
Result: NOTE
     installed size is 5.5Mb
     sub-directories of 1Mb or more:
     libs 4.2Mb
Flavor: r-devel-linux-x86_64-fedora-clang