CRAN Package Check Results for Package networkR

Last updated on 2023-12-09 04:51:00 CET.

Flavor Version Tinstall Tcheck Ttotal Status Flags
r-devel-linux-x86_64-debian-clang 0.1.2 34.35 78.47 112.82 NOTE
r-devel-linux-x86_64-debian-gcc 0.1.2 25.03 57.34 82.37 NOTE
r-devel-linux-x86_64-fedora-clang 0.1.2 151.62 NOTE
r-devel-linux-x86_64-fedora-gcc 0.1.2 146.76 NOTE
r-devel-windows-x86_64 0.1.2 29.00 96.00 125.00 NOTE
r-patched-linux-x86_64 0.1.2 35.34 74.84 110.18 NOTE
r-release-linux-x86_64 0.1.2 32.75 73.92 106.67 NOTE
r-release-macos-arm64 0.1.2 44.00 NOTE
r-release-macos-x86_64 0.1.2 76.00 NOTE
r-release-windows-x86_64 0.1.2 37.00 108.00 145.00 NOTE
r-oldrel-macos-arm64 0.1.2 41.00 OK
r-oldrel-macos-x86_64 0.1.2 56.00 OK
r-oldrel-windows-x86_64 0.1.2 37.00 101.00 138.00 OK

Check Details

Version: 0.1.2
Check: C++ specification
Result: NOTE Specified C++11: please drop specification unless essential Flavors: r-devel-linux-x86_64-debian-clang, r-devel-linux-x86_64-debian-gcc, r-devel-linux-x86_64-fedora-clang, r-devel-linux-x86_64-fedora-gcc, r-devel-windows-x86_64, r-patched-linux-x86_64, r-release-linux-x86_64, r-release-macos-arm64, r-release-macos-x86_64, r-release-windows-x86_64