CRAN Package Check Results for Package newsmap

Last updated on 2019-09-15 10:48:10 CEST.

Flavor Version Tinstall Tcheck Ttotal Status Flags
r-devel-linux-x86_64-debian-clang 0.6.9 9.85 98.85 108.70 OK
r-devel-linux-x86_64-debian-gcc 0.6.9 8.65 76.51 85.16 OK
r-devel-linux-x86_64-fedora-clang 0.6.9 127.82 NOTE
r-devel-linux-x86_64-fedora-gcc 0.6.9 134.85 NOTE
r-devel-windows-ix86+x86_64 0.6.9 32.00 148.00 180.00 OK
r-patched-linux-x86_64 0.6.9 9.19 94.01 103.20 OK
r-patched-solaris-x86 0.6.9 201.30 NOTE
r-release-linux-x86_64 0.6.9 8.48 93.81 102.29 OK
r-release-windows-ix86+x86_64 0.6.9 24.00 147.00 171.00 OK
r-release-osx-x86_64 0.6.9 NOTE
r-oldrel-windows-ix86+x86_64 0.6.9 21.00 95.00 116.00 OK
r-oldrel-osx-x86_64 0.6.9 NOTE

Check Details

Version: 0.6.9
Check: dependencies in R code
Result: NOTE
    Namespace in Imports field not imported from: ‘stringi’
     All declared Imports should be used.
Flavors: r-devel-linux-x86_64-fedora-clang, r-devel-linux-x86_64-fedora-gcc, r-patched-solaris-x86, r-release-osx-x86_64, r-oldrel-osx-x86_64

Version: 0.6.9
Check: data for non-ASCII characters
Result: NOTE
     Note: found 3016 marked UTF-8 strings
Flavors: r-devel-linux-x86_64-fedora-clang, r-devel-linux-x86_64-fedora-gcc, r-patched-solaris-x86, r-release-osx-x86_64, r-oldrel-osx-x86_64