CRAN Package Check Results for Package nhds

Last updated on 2019-09-22 14:47:33 CEST.

Flavor Version Tinstall Tcheck Ttotal Status Flags
r-devel-linux-x86_64-debian-clang 1.0.3 12.03 33.91 45.94 OK
r-devel-linux-x86_64-debian-gcc 1.0.3 11.85 28.68 40.53 OK
r-devel-linux-x86_64-fedora-clang 1.0.3 62.36 NOTE
r-devel-linux-x86_64-fedora-gcc 1.0.3 72.50 OK
r-devel-windows-ix86+x86_64 1.0.3 28.00 46.00 74.00 NOTE
r-patched-linux-x86_64 1.0.3 12.90 34.03 46.93 OK
r-patched-solaris-x86 1.0.3 105.70 NOTE
r-release-linux-x86_64 1.0.3 12.49 33.71 46.20 OK
r-release-windows-ix86+x86_64 1.0.3 20.00 45.00 65.00 NOTE
r-release-osx-x86_64 1.0.3 NOTE
r-oldrel-windows-ix86+x86_64 1.0.3 14.00 46.00 60.00 NOTE
r-oldrel-osx-x86_64 1.0.3 NOTE

Check Details

Version: 1.0.3
Check: installed package size
Result: NOTE
     installed size is 6.2Mb
     sub-directories of 1Mb or more:
     data 5.9Mb
Flavors: r-devel-linux-x86_64-fedora-clang, r-devel-windows-ix86+x86_64, r-patched-solaris-x86, r-release-windows-ix86+x86_64, r-release-osx-x86_64, r-oldrel-windows-ix86+x86_64, r-oldrel-osx-x86_64