CRAN Package Check Results for Package nhlapi

Last updated on 2022-10-03 05:50:52 CEST.

Flavor Version Tinstall Tcheck Ttotal Status Flags
r-devel-linux-x86_64-debian-clang 0.1.4 3.56 46.43 49.99 NOTE
r-devel-linux-x86_64-debian-gcc 0.1.4 3.42 35.27 38.69 NOTE
r-devel-linux-x86_64-fedora-clang 0.1.4 73.62 NOTE
r-devel-linux-x86_64-fedora-gcc 0.1.4 87.61 NOTE
r-devel-windows-x86_64 0.1.4 56.00 92.00 148.00 NOTE
r-patched-linux-x86_64 0.1.4 5.54 42.60 48.14 NOTE
r-release-linux-x86_64 0.1.4 3.37 42.83 46.20 NOTE
r-release-macos-arm64 0.1.4 31.00 NOTE
r-release-macos-x86_64 0.1.4 41.00 NOTE
r-release-windows-x86_64 0.1.4 44.00 85.00 129.00 NOTE
r-oldrel-macos-arm64 0.1.4 38.00 NOTE
r-oldrel-macos-x86_64 0.1.4 77.00 NOTE
r-oldrel-windows-ix86+x86_64 0.1.4 10.00 89.00 99.00 NOTE

Check Details

Version: 0.1.4
Check: LazyData
Result: NOTE
     'LazyData' is specified without a 'data' directory
Flavors: r-devel-linux-x86_64-debian-clang, r-devel-linux-x86_64-debian-gcc, r-devel-linux-x86_64-fedora-clang, r-devel-linux-x86_64-fedora-gcc, r-devel-windows-x86_64, r-patched-linux-x86_64, r-release-linux-x86_64, r-release-macos-arm64, r-release-macos-x86_64, r-release-windows-x86_64, r-oldrel-macos-arm64, r-oldrel-macos-x86_64, r-oldrel-windows-ix86+x86_64