CRAN Package Check Results for Package nlcv

Last updated on 2021-04-16 13:50:29 CEST.

Flavor Version Tinstall Tcheck Ttotal Status Flags
r-devel-linux-x86_64-debian-clang 0.3.5 29.73 291.34 321.07 OK
r-devel-linux-x86_64-debian-gcc 0.3.5 25.01 218.08 243.09 OK
r-devel-linux-x86_64-fedora-clang 0.3.5 373.86 OK
r-devel-linux-x86_64-fedora-gcc 0.3.5 353.34 OK
r-devel-windows-ix86+x86_64 0.3.5 69.00 278.00 347.00 OK
r-devel-windows-x86_64-gcc10-UCRT 0.3.5 OK
r-patched-linux-x86_64 0.3.5 24.69 237.62 262.31 OK
r-patched-solaris-x86 0.3.5 471.30 OK
r-release-linux-x86_64 0.3.5 22.92 235.99 258.91 OK
r-release-macos-x86_64 0.3.5 NOTE
r-release-windows-ix86+x86_64 0.3.5 59.00 290.00 349.00 OK
r-oldrel-macos-x86_64 0.3.5 WARN
r-oldrel-windows-ix86+x86_64 0.3.5 50.00 335.00 385.00 OK

Check Details

Version: 0.3.5
Check: package dependencies
Result: NOTE
    Package suggested but not available for checking: ‘ALL’
Flavors: r-release-macos-x86_64, r-oldrel-macos-x86_64

Version: 0.3.5
Check: whether package can be installed
Result: WARN
    Found the following significant warnings:
     Warning: package ‘AnnotationDbi’ was built under R version 3.6.1
     Warning: package ‘IRanges’ was built under R version 3.6.1
     Warning: package ‘S4Vectors’ was built under R version 3.6.1
Flavor: r-oldrel-macos-x86_64