CRAN Package Check Results for Package nloptr

Last updated on 2024-06-22 03:49:36 CEST.

Flavor Version Tinstall Tcheck Ttotal Status Flags
r-devel-linux-x86_64-debian-clang 2.1.0 7.57 73.96 81.53 ERROR
r-devel-linux-x86_64-debian-gcc 2.1.0 4.35 52.68 57.03 OK
r-devel-linux-x86_64-fedora-clang 2.1.0 111.09 OK
r-devel-linux-x86_64-fedora-gcc 2.1.0 118.05 OK
r-devel-windows-x86_64 2.1.0 11.00 96.00 107.00 OK
r-patched-linux-x86_64 2.0.3 22.91 48.54 71.45 NOTE
r-release-linux-x86_64 2.0.3 20.76 49.83 70.59 NOTE
r-release-macos-arm64 2.1.0 66.00 OK
r-release-macos-x86_64 2.1.0 166.00 OK
r-release-windows-x86_64 2.0.3 26.00 106.00 132.00 NOTE
r-oldrel-macos-arm64 2.1.0 74.00 OK
r-oldrel-macos-x86_64 2.1.0 162.00 OK
r-oldrel-windows-x86_64 2.1.0 13.00 113.00 126.00 OK

Check Details

Version: 2.1.0
Check: tests
Result: ERROR Running ‘tinytest.R’ [29s/37s] Running the tests in ‘tests/tinytest.R’ failed. Complete output: > if (requireNamespace("tinytest", quietly = TRUE)) { + tinytest::test_package("nloptr") + } test-banana-global.R.......... 0 tests test-banana-global.R.......... 0 tests test-banana-global.R.......... 0 tests test-banana-global.R.......... 0 tests test-banana-global.R.......... 0 tests test-banana-global.R.......... 0 tests test-banana-global.R.......... 0 tests test-banana-global.R.......... 0 tests test-banana-global.R.......... 0 tests test-banana-global.R.......... 0 tests test-banana-global.R.......... 1 tests <1b>[0;32mOK<1b>[0m test-banana-global.R.......... 2 tests <1b>[0;32mOK<1b>[0m test-banana-global.R.......... 2 tests <1b>[0;32mOK<1b>[0m test-banana-global.R.......... 2 tests <1b>[0;32mOK<1b>[0m test-banana-global.R.......... 3 tests <1b>[0;32mOK<1b>[0m test-banana-global.R.......... 4 tests <1b>[0;32mOK<1b>[0m test-banana-global.R.......... 4 tests <1b>[0;32mOK<1b>[0m test-banana-global.R.......... 4 tests <1b>[0;32mOK<1b>[0m test-banana-global.R.......... 4 tests <1b>[0;32mOK<1b>[0m test-banana-global.R.......... 4 tests <1b>[0;32mOK<1b>[0m test-banana-global.R.......... 4 tests <1b>[0;32mOK<1b>[0m test-banana-global.R.......... 4 tests <1b>[0;32mOK<1b>[0m test-banana-global.R.......... 5 tests <1b>[0;32mOK<1b>[0m test-banana-global.R.......... 6 tests <1b>[0;32mOK<1b>[0m test-banana-global.R.......... 7 tests <1b>[0;32mOK<1b>[0m test-banana-global.R.......... 8 tests <1b>[0;32mOK<1b>[0m test-banana-global.R.......... 9 tests <1b>[0;32mOK<1b>[0m test-banana-global.R.......... 10 tests <1b>[0;32mOK<1b>[0m test-banana-global.R.......... 11 tests <1b>[0;32mOK<1b>[0m test-banana-global.R.......... 12 tests <1b>[0;32mOK<1b>[0m test-banana-global.R.......... 13 tests <1b>[0;32mOK<1b>[0m test-banana-global.R.......... 14 tests <1b>[0;32mOK<1b>[0m <1b>[0;34m2.4s<1b>[0m test-banana.R................. 0 tests test-banana.R................. 0 tests test-banana.R................. 0 tests test-banana.R................. 0 tests test-banana.R................. 0 tests test-banana.R................. 0 tests test-banana.R................. 0 tests test-banana.R................. 1 tests <1b>[0;32mOK<1b>[0m test-banana.R................. 2 tests <1b>[0;32mOK<1b>[0m test-banana.R................. 2 tests <1b>[0;32mOK<1b>[0m test-banana.R................. 2 tests <1b>[0;32mOK<1b>[0m test-banana.R................. 3 tests <1b>[0;32mOK<1b>[0m test-banana.R................. 4 tests <1b>[0;32mOK<1b>[0m <1b>[0;34m0.2s<1b>[0m test-check.derivatives.R...... 0 tests test-check.derivatives.R...... 0 tests test-check.derivatives.R...... 0 tests test-check.derivatives.R...... 0 tests test-check.derivatives.R...... 1 tests <1b>[0;32mOK<1b>[0m test-check.derivatives.R...... 2 tests <1b>[0;32mOK<1b>[0m test-check.derivatives.R...... 3 tests <1b>[0;32mOK<1b>[0m test-check.derivatives.R...... 4 tests <1b>[0;32mOK<1b>[0m <1b>[0;36m35ms<1b>[0m test-derivative-checker.R..... 0 tests test-derivative-checker.R..... 0 tests test-derivative-checker.R..... 0 tests test-derivative-checker.R..... 0 tests test-derivative-checker.R..... 0 tests test-derivative-checker.R..... 1 tests <1b>[0;32mOK<1b>[0m test-derivative-checker.R..... 2 tests <1b>[0;32mOK<1b>[0m test-derivative-checker.R..... 2 tests <1b>[0;32mOK<1b>[0m test-derivative-checker.R..... 2 tests <1b>[0;32mOK<1b>[0m test-derivative-checker.R..... 2 tests <1b>[0;32mOK<1b>[0m test-derivative-checker.R..... 3 tests <1b>[0;32mOK<1b>[0m test-derivative-checker.R..... 3 tests <1b>[0;32mOK<1b>[0m test-derivative-checker.R..... 4 tests <1b>[0;32mOK<1b>[0m test-derivative-checker.R..... 4 tests <1b>[0;32mOK<1b>[0m test-derivative-checker.R..... 4 tests <1b>[0;32mOK<1b>[0m test-derivative-checker.R..... 5 tests <1b>[0;32mOK<1b>[0m test-derivative-checker.R..... 5 tests <1b>[0;32mOK<1b>[0m test-derivative-checker.R..... 5 tests <1b>[0;32mOK<1b>[0m test-derivative-checker.R..... 5 tests <1b>[0;32mOK<1b>[0m test-derivative-checker.R..... 6 tests <1b>[0;32mOK<1b>[0m <1b>[0;36m32ms<1b>[0m test-example.R................ 0 tests test-example.R................ 0 tests test-example.R................ 0 tests test-example.R................ 0 tests test-example.R................ 0 tests test-example.R................ 0 tests test-example.R................ 0 tests test-example.R................ 0 tests test-example.R................ 0 tests test-example.R................ 0 tests test-example.R................ 0 tests test-example.R................ 0 tests test-example.R................ 1 tests <1b>[0;32mOK<1b>[0m test-example.R................ 1 tests <1b>[0;32mOK<1b>[0m test-example.R................ 2 tests <1b>[0;32mOK<1b>[0m test-example.R................ 2 tests <1b>[0;32mOK<1b>[0m test-example.R................ 3 tests <1b>[0;32mOK<1b>[0m <1b>[0;34m0.1s<1b>[0m test-gradients.R.............. 0 tests test-gradients.R.............. 0 tests test-gradients.R.............. 0 tests test-gradients.R.............. 0 tests test-gradients.R.............. 1 tests <1b>[0;32mOK<1b>[0m test-gradients.R.............. 2 tests <1b>[0;32mOK<1b>[0m test-gradients.R.............. 3 tests <1b>[0;32mOK<1b>[0m test-gradients.R.............. 4 tests <1b>[0;32mOK<1b>[0m test-gradients.R.............. 4 tests <1b>[0;32mOK<1b>[0m test-gradients.R.............. 4 tests <1b>[0;32mOK<1b>[0m test-gradients.R.............. 4 tests <1b>[0;32mOK<1b>[0m test-gradients.R.............. 5 tests <1b>[0;32mOK<1b>[0m test-gradients.R.............. 5 tests <1b>[0;32mOK<1b>[0m test-gradients.R.............. 5 tests <1b>[0;32mOK<1b>[0m test-gradients.R.............. 5 tests <1b>[0;32mOK<1b>[0m test-gradients.R.............. 6 tests <1b>[0;32mOK<1b>[0m <1b>[0;36m7ms<1b>[0m test-hs023.R.................. 0 tests test-hs023.R.................. 0 tests test-hs023.R.................. 0 tests test-hs023.R.................. 0 tests test-hs023.R.................. 0 tests test-hs023.R.................. 0 tests test-hs023.R.................. 0 tests test-hs023.R.................. 0 tests test-hs023.R.................. 0 tests test-hs023.R.................. 1 tests <1b>[0;32mOK<1b>[0m test-hs023.R.................. 2 tests <1b>[0;32mOK<1b>[0m test-hs023.R.................. 3 tests <1b>[0;32mOK<1b>[0m test-hs023.R.................. 4 tests <1b>[0;32mOK<1b>[0m <1b>[0;34m0.1s<1b>[0m test-hs071.R.................. 0 tests test-hs071.R.................. 0 tests test-hs071.R.................. 0 tests test-hs071.R.................. 0 tests test-hs071.R.................. 0 tests test-hs071.R.................. 0 tests test-hs071.R.................. 0 tests test-hs071.R.................. 0 tests test-hs071.R.................. 0 tests test-hs071.R.................. 0 tests test-hs071.R.................. 0 tests test-hs071.R.................. 1 tests <1b>[0;32mOK<1b>[0m test-hs071.R.................. 2 tests <1b>[0;32mOK<1b>[0m test-hs071.R.................. 3 tests <1b>[0;32mOK<1b>[0m test-hs071.R.................. 4 tests <1b>[0;32mOK<1b>[0m test-hs071.R.................. 5 tests <1b>[0;32mOK<1b>[0m <1b>[0;34m0.2s<1b>[0m test-is.nloptr.R.............. 0 tests test-is.nloptr.R.............. 0 tests test-is.nloptr.R.............. 0 tests test-is.nloptr.R.............. 1 tests <1b>[0;32mOK<1b>[0m test-is.nloptr.R.............. 2 tests <1b>[0;32mOK<1b>[0m test-is.nloptr.R.............. 2 tests <1b>[0;32mOK<1b>[0m test-is.nloptr.R.............. 3 tests <1b>[0;32mOK<1b>[0m test-is.nloptr.R.............. 4 tests <1b>[0;32mOK<1b>[0m test-is.nloptr.R.............. 5 tests <1b>[0;32mOK<1b>[0m test-is.nloptr.R.............. 6 tests <1b>[0;32mOK<1b>[0m test-is.nloptr.R.............. 7 tests <1b>[0;32mOK<1b>[0m test-is.nloptr.R.............. 8 tests <1b>[0;32mOK<1b>[0m test-is.nloptr.R.............. 8 tests <1b>[0;32mOK<1b>[0m test-is.nloptr.R.............. 9 tests <1b>[0;32mOK<1b>[0m test-is.nloptr.R.............. 9 tests <1b>[0;32mOK<1b>[0m test-is.nloptr.R.............. 9 tests <1b>[0;32mOK<1b>[0m test-is.nloptr.R.............. 10 tests <1b>[0;32mOK<1b>[0m test-is.nloptr.R.............. 10 tests <1b>[0;32mOK<1b>[0m test-is.nloptr.R.............. 11 tests <1b>[0;32mOK<1b>[0m test-is.nloptr.R.............. 11 tests <1b>[0;32mOK<1b>[0m test-is.nloptr.R.............. 12 tests <1b>[0;32mOK<1b>[0m test-is.nloptr.R.............. 13 tests <1b>[0;32mOK<1b>[0m test-is.nloptr.R.............. 14 tests <1b>[0;32mOK<1b>[0m test-is.nloptr.R.............. 15 tests <1b>[0;32mOK<1b>[0m test-is.nloptr.R.............. 16 tests <1b>[0;32mOK<1b>[0m test-is.nloptr.R.............. 17 tests <1b>[0;32mOK<1b>[0m test-is.nloptr.R.............. 17 tests <1b>[0;32mOK<1b>[0m test-is.nloptr.R.............. 17 tests <1b>[0;32mOK<1b>[0m test-is.nloptr.R.............. 17 tests <1b>[0;32mOK<1b>[0m test-is.nloptr.R.............. 17 tests <1b>[0;32mOK<1b>[0m test-is.nloptr.R.............. 17 tests <1b>[0;32mOK<1b>[0m test-is.nloptr.R.............. 17 tests <1b>[0;32mOK<1b>[0m test-is.nloptr.R.............. 17 tests <1b>[0;32mOK<1b>[0m test-is.nloptr.R.............. 17 tests <1b>[0;32mOK<1b>[0m test-is.nloptr.R.............. 17 tests <1b>[0;32mOK<1b>[0m test-is.nloptr.R.............. 17 tests <1b>[0;32mOK<1b>[0m test-is.nloptr.R.............. 17 tests <1b>[0;32mOK<1b>[0m test-is.nloptr.R.............. 17 tests <1b>[0;32mOK<1b>[0m test-is.nloptr.R.............. 17 tests <1b>[0;32mOK<1b>[0m test-is.nloptr.R.............. 17 tests <1b>[0;32mOK<1b>[0m test-is.nloptr.R.............. 17 tests <1b>[0;32mOK<1b>[0m test-is.nloptr.R.............. 17 tests <1b>[0;32mOK<1b>[0m test-is.nloptr.R.............. 17 tests <1b>[0;32mOK<1b>[0m test-is.nloptr.R.............. 18 tests <1b>[0;32mOK<1b>[0m test-is.nloptr.R.............. 18 tests <1b>[0;32mOK<1b>[0m test-is.nloptr.R.............. 19 tests <1b>[0;32mOK<1b>[0m test-is.nloptr.R.............. 20 tests <1b>[0;32mOK<1b>[0m test-is.nloptr.R.............. 20 tests <1b>[0;32mOK<1b>[0m test-is.nloptr.R.............. 21 tests <1b>[0;32mOK<1b>[0m test-is.nloptr.R.............. 21 tests <1b>[0;32mOK<1b>[0m test-is.nloptr.R.............. 22 tests <1b>[0;32mOK<1b>[0m test-is.nloptr.R.............. 23 tests <1b>[0;32mOK<1b>[0m test-is.nloptr.R.............. 24 tests <1b>[0;32mOK<1b>[0m test-is.nloptr.R.............. 24 tests <1b>[0;32mOK<1b>[0m test-is.nloptr.R.............. 25 tests <1b>[0;32mOK<1b>[0m test-is.nloptr.R.............. 26 tests <1b>[0;32mOK<1b>[0m test-is.nloptr.R.............. 26 tests <1b>[0;32mOK<1b>[0m test-is.nloptr.R.............. 27 tests <1b>[0;32mOK<1b>[0m test-is.nloptr.R.............. 27 tests <1b>[0;32mOK<1b>[0m test-is.nloptr.R.............. 28 tests <1b>[0;32mOK<1b>[0m test-is.nloptr.R.............. 29 tests <1b>[0;32mOK<1b>[0m test-is.nloptr.R.............. 30 tests <1b>[0;32mOK<1b>[0m test-is.nloptr.R.............. 31 tests <1b>[0;32mOK<1b>[0m test-is.nloptr.R.............. 32 tests <1b>[0;32mOK<1b>[0m test-is.nloptr.R.............. 33 tests <1b>[0;32mOK<1b>[0m test-is.nloptr.R.............. 34 tests <1b>[0;32mOK<1b>[0m <1b>[0;34m0.1s<1b>[0m test-nloptions.R.............. 0 tests test-nloptions.R.............. 0 tests test-nloptions.R.............. 0 tests test-nloptions.R.............. 0 tests test-nloptions.R.............. 1 tests <1b>[0;32mOK<1b>[0m test-nloptions.R.............. 2 tests <1b>[0;32mOK<1b>[0m test-nloptions.R.............. 3 tests <1b>[0;32mOK<1b>[0m test-nloptions.R.............. 3 tests <1b>[0;32mOK<1b>[0m test-nloptions.R.............. 3 tests <1b>[0;32mOK<1b>[0m test-nloptions.R.............. 4 tests <1b>[0;32mOK<1b>[0m test-nloptions.R.............. 5 tests <1b>[0;32mOK<1b>[0m <1b>[0;36m5ms<1b>[0m test-nloptr.R................. 0 tests test-nloptr.R................. 0 tests test-nloptr.R................. 0 tests test-nloptr.R................. 0 tests test-nloptr.R................. 0 tests test-nloptr.R................. 1 tests <1b>[0;32mOK<1b>[0m test-nloptr.R................. 1 tests <1b>[0;32mOK<1b>[0m test-nloptr.R................. 2 tests <1b>[0;32mOK<1b>[0m test-nloptr.R................. 3 tests <1b>[0;32mOK<1b>[0m test-nloptr.R................. 4 tests <1b>[0;32mOK<1b>[0m test-nloptr.R................. 4 tests <1b>[0;32mOK<1b>[0m test-nloptr.R................. 4 tests <1b>[0;32mOK<1b>[0m test-nloptr.R................. 4 tests <1b>[0;32mOK<1b>[0m test-nloptr.R................. 4 tests <1b>[0;32mOK<1b>[0m test-nloptr.R................. 4 tests <1b>[0;32mOK<1b>[0m test-nloptr.R................. 4 tests <1b>[0;32mOK<1b>[0m test-nloptr.R................. 4 tests <1b>[0;32mOK<1b>[0m test-nloptr.R................. 4 tests <1b>[0;32mOK<1b>[0m test-nloptr.R................. 5 tests <1b>[0;32mOK<1b>[0m test-nloptr.R................. 6 tests <1b>[0;32mOK<1b>[0m test-nloptr.R................. 7 tests <1b>[0;32mOK<1b>[0m test-nloptr.R................. 8 tests <1b>[0;32mOK<1b>[0m test-nloptr.R................. 8 tests <1b>[0;32mOK<1b>[0m test-nloptr.R................. 8 tests <1b>[0;32mOK<1b>[0m test-nloptr.R................. 9 tests <1b>[0;32mOK<1b>[0m test-nloptr.R................. 10 tests <1b>[0;32mOK<1b>[0m test-nloptr.R................. 11 tests <1b>[0;32mOK<1b>[0m test-nloptr.R................. 12 tests <1b>[0;32mOK<1b>[0m test-nloptr.R................. 12 tests <1b>[0;32mOK<1b>[0m test-nloptr.R................. 12 tests <1b>[0;32mOK<1b>[0m test-nloptr.R................. 13 tests <1b>[0;32mOK<1b>[0m test-nloptr.R................. 14 tests <1b>[0;32mOK<1b>[0m test-nloptr.R................. 15 tests <1b>[0;32mOK<1b>[0m test-nloptr.R................. 16 tests <1b>[0;32mOK<1b>[0m test-nloptr.R................. 16 tests <1b>[0;32mOK<1b>[0m test-nloptr.R................. 16 tests <1b>[0;32mOK<1b>[0m test-nloptr.R................. 16 tests <1b>[0;32mOK<1b>[0m test-nloptr.R................. 17 tests <1b>[0;32mOK<1b>[0m test-nloptr.R................. 18 tests <1b>[0;32mOK<1b>[0m test-nloptr.R................. 19 tests <1b>[0;32mOK<1b>[0m test-nloptr.R................. 20 tests <1b>[0;32mOK<1b>[0m test-nloptr.R................. 20 tests <1b>[0;32mOK<1b>[0m test-nloptr.R................. 20 tests <1b>[0;32mOK<1b>[0m test-nloptr.R................. 20 tests <1b>[0;32mOK<1b>[0m test-nloptr.R................. 21 tests <1b>[0;32mOK<1b>[0m test-nloptr.R................. 22 tests <1b>[0;32mOK<1b>[0m test-nloptr.R................. 23 tests <1b>[0;32mOK<1b>[0m test-nloptr.R................. 24 tests <1b>[0;32mOK<1b>[0m test-nloptr.R................. 24 tests <1b>[0;32mOK<1b>[0m test-nloptr.R................. 24 tests <1b>[0;32mOK<1b>[0m test-nloptr.R................. 24 tests <1b>[0;32mOK<1b>[0m test-nloptr.R................. 24 tests <1b>[0;32mOK<1b>[0m test-nloptr.R................. 24 tests <1b>[0;32mOK<1b>[0m test-nloptr.R................. 24 tests <1b>[0;32mOK<1b>[0m test-nloptr.R................. 25 tests <1b>[0;32mOK<1b>[0m test-nloptr.R................. 26 tests <1b>[0;32mOK<1b>[0m test-nloptr.R................. 27 tests <1b>[0;32mOK<1b>[0m test-nloptr.R................. 28 tests <1b>[0;32mOK<1b>[0m test-nloptr.R................. 28 tests <1b>[0;32mOK<1b>[0m test-nloptr.R................. 28 tests <1b>[0;32mOK<1b>[0m test-nloptr.R................. 28 tests <1b>[0;32mOK<1b>[0m test-nloptr.R................. 29 tests <1b>[0;32mOK<1b>[0m test-nloptr.R................. 30 tests <1b>[0;32mOK<1b>[0m test-nloptr.R................. 31 tests <1b>[0;32mOK<1b>[0m test-nloptr.R................. 32 tests <1b>[0;32mOK<1b>[0m test-nloptr.R................. 32 tests <1b>[0;32mOK<1b>[0m test-nloptr.R................. 32 tests <1b>[0;32mOK<1b>[0m test-nloptr.R................. 32 tests <1b>[0;32mOK<1b>[0m test-nloptr.R................. 32 tests <1b>[0;32mOK<1b>[0m test-nloptr.R................. 32 tests <1b>[0;32mOK<1b>[0m test-nloptr.R................. 32 tests <1b>[0;32mOK<1b>[0m test-nloptr.R................. 32 tests <1b>[0;32mOK<1b>[0m test-nloptr.R................. 32 tests <1b>[0;32mOK<1b>[0m test-nloptr.R................. 33 tests <1b>[0;32mOK<1b>[0m test-nloptr.R................. 34 tests <1b>[0;32mOK<1b>[0m test-nloptr.R................. 35 tests <1b>[0;32mOK<1b>[0m test-nloptr.R................. 36 tests <1b>[0;32mOK<1b>[0m test-nloptr.R................. 36 tests <1b>[0;32mOK<1b>[0m test-nloptr.R................. 36 tests <1b>[0;32mOK<1b>[0m test-nloptr.R................. 36 tests <1b>[0;32mOK<1b>[0m test-nloptr.R................. 37 tests <1b>[0;32mOK<1b>[0m test-nloptr.R................. 38 tests <1b>[0;32mOK<1b>[0m test-nloptr.R................. 39 tests <1b>[0;32mOK<1b>[0m test-nloptr.R................. 40 tests <1b>[0;32mOK<1b>[0m test-nloptr.R................. 40 tests <1b>[0;32mOK<1b>[0m test-nloptr.R................. 40 tests <1b>[0;32mOK<1b>[0m test-nloptr.R................. 40 tests <1b>[0;32mOK<1b>[0m test-nloptr.R................. 41 tests <1b>[0;32mOK<1b>[0m test-nloptr.R................. 42 tests <1b>[0;32mOK<1b>[0m test-nloptr.R................. 42 tests <1b>[0;32mOK<1b>[0m test-nloptr.R................. 42 tests <1b>[0;32mOK<1b>[0m test-nloptr.R................. 42 tests <1b>[0;32mOK<1b>[0m test-nloptr.R................. 43 tests <1b>[0;32mOK<1b>[0m test-nloptr.R................. 44 tests <1b>[0;32mOK<1b>[0m test-nloptr.R................. 44 tests <1b>[0;32mOK<1b>[0m test-nloptr.R................. 44 tests <1b>[0;32mOK<1b>[0m test-nloptr.R................. 44 tests <1b>[0;32mOK<1b>[0m test-nloptr.R................. 44 tests <1b>[0;32mOK<1b>[0m test-nloptr.R................. 44 tests <1b>[0;32mOK<1b>[0m test-nloptr.R................. 44 tests <1b>[0;32mOK<1b>[0m test-nloptr.R................. 44 tests <1b>[0;32mOK<1b>[0m test-nloptr.R................. 44 tests <1b>[0;32mOK<1b>[0m test-nloptr.R................. 44 tests <1b>[0;32mOK<1b>[0m test-nloptr.R................. 44 tests <1b>[0;32mOK<1b>[0m test-nloptr.R................. 44 tests <1b>[0;32mOK<1b>[0m test-nloptr.R................. 45 tests <1b>[0;32mOK<1b>[0m test-nloptr.R................. 46 tests <1b>[0;32mOK<1b>[0m test-nloptr.R................. 46 tests <1b>[0;32mOK<1b>[0m test-nloptr.R................. 46 tests <1b>[0;32mOK<1b>[0m test-nloptr.R................. 46 tests <1b>[0;32mOK<1b>[0m test-nloptr.R................. 46 tests <1b>[0;32mOK<1b>[0m test-nloptr.R................. 46 tests <1b>[0;32mOK<1b>[0m test-nloptr.R................. 46 tests <1b>[0;32mOK<1b>[0m test-nloptr.R................. 46 tests <1b>[0;32mOK<1b>[0m test-nloptr.R................. 46 tests <1b>[0;32mOK<1b>[0m test-nloptr.R................. 46 tests <1b>[0;32mOK<1b>[0m test-nloptr.R................. 46 tests <1b>[0;32mOK<1b>[0m test-nloptr.R................. 46 tests <1b>[0;32mOK<1b>[0m test-nloptr.R................. 47 tests <1b>[0;32mOK<1b>[0m test-nloptr.R................. 48 tests <1b>[0;32mOK<1b>[0m test-nloptr.R................. 49 tests <1b>[0;32mOK<1b>[0m test-nloptr.R................. 50 tests <1b>[0;32mOK<1b>[0m <1b>[0;34m1.7s<1b>[0m test-nloptr.add.default.options.R 0 tests test-nloptr.add.default.options.R 0 tests test-nloptr.add.default.options.R 1 tests <1b>[0;32mOK<1b>[0m <1b>[0;36m23ms<1b>[0m test-nloptr.print.options.R... 0 tests test-nloptr.print.options.R... 1 tests <1b>[0;32mOK<1b>[0m test-nloptr.print.options.R... 2 tests <1b>[0;32mOK<1b>[0m <1b>[0;36m65ms<1b>[0m test-options-maxtime.R........ 0 tests test-options-maxtime.R........ 0 tests test-options-maxtime.R........ 0 tests test-options-maxtime.R........ 0 tests test-options-maxtime.R........ 0 tests test-options-maxtime.R........ 0 tests test-options-maxtime.R........ 1 tests <1b>[0;32mOK<1b>[0m <1b>[0;34m0.3s<1b>[0m test-parameters.R............. 0 tests test-parameters.R............. 0 tests test-parameters.R............. 0 tests test-parameters.R............. 0 tests test-parameters.R............. 0 tests test-parameters.R............. 0 tests test-parameters.R............. 1 tests <1b>[0;32mOK<1b>[0m test-parameters.R............. 2 tests <1b>[0;32mOK<1b>[0m <1b>[0;36m23ms<1b>[0m test-print.nloptr.R........... 0 tests test-print.nloptr.R........... 0 tests test-print.nloptr.R........... 0 tests test-print.nloptr.R........... 0 tests test-print.nloptr.R........... 0 tests test-print.nloptr.R........... 1 tests <1b>[0;32mOK<1b>[0m test-print.nloptr.R........... 2 tests <1b>[0;32mOK<1b>[0m test-print.nloptr.R........... 3 tests <1b>[0;32mOK<1b>[0m test-print.nloptr.R........... 3 tests <1b>[0;32mOK<1b>[0m test-print.nloptr.R........... 4 tests <1b>[0;32mOK<1b>[0m test-print.nloptr.R........... 5 tests <1b>[0;32mOK<1b>[0m test-print.nloptr.R........... 6 tests <1b>[0;32mOK<1b>[0m <1b>[0;36m38ms<1b>[0m test-simple.R................. 0 tests test-simple.R................. 0 tests test-simple.R................. 0 tests test-simple.R................. 0 tests test-simple.R................. 0 tests test-simple.R................. 0 tests test-simple.R................. 0 tests test-simple.R................. 0 tests test-simple.R................. 1 tests <1b>[0;32mOK<1b>[0m test-simple.R................. 2 tests <1b>[0;32mOK<1b>[0m test-simple.R................. 2 tests <1b>[0;32mOK<1b>[0m test-simple.R................. 3 tests <1b>[0;32mOK<1b>[0m test-simple.R................. 4 tests <1b>[0;32mOK<1b>[0m <1b>[0;36m29ms<1b>[0m test-systemofeq.R............. 0 tests test-systemofeq.R............. 0 tests test-systemofeq.R............. 0 tests test-systemofeq.R............. 0 tests test-systemofeq.R............. 0 tests test-systemofeq.R............. 0 tests test-systemofeq.R............. 0 tests test-systemofeq.R............. 0 tests test-systemofeq.R............. 0 tests test-systemofeq.R............. 0 tests test-systemofeq.R............. 0 tests test-systemofeq.R............. 1 tests <1b>[0;32mOK<1b>[0m test-systemofeq.R............. 2 tests <1b>[0;32mOK<1b>[0m test-systemofeq.R............. 2 tests <1b>[0;32mOK<1b>[0m test-systemofeq.R............. 2 tests <1b>[0;32mOK<1b>[0m test-systemofeq.R............. 3 tests <1b>[0;32mOK<1b>[0m test-systemofeq.R............. 4 tests <1b>[0;32mOK<1b>[0m <1b>[0;36m50ms<1b>[0m test-wrapper-auglag.R......... 0 tests test-wrapper-auglag.R......... 0 tests test-wrapper-auglag.R......... 0 tests test-wrapper-auglag.R......... 0 tests test-wrapper-auglag.R......... 0 tests test-wrapper-auglag.R......... 0 tests test-wrapper-auglag.R......... 0 tests test-wrapper-auglag.R......... 0 tests test-wrapper-auglag.R......... 0 tests test-wrapper-auglag.R......... 0 tests test-wrapper-auglag.R......... 0 tests test-wrapper-auglag.R......... 1 tests <1b>[0;32mOK<1b>[0m test-wrapper-auglag.R......... 2 tests <1b>[0;32mOK<1b>[0m test-wrapper-auglag.R......... 3 tests <1b>[0;32mOK<1b>[0m test-wrapper-auglag.R......... 4 tests <1b>[0;32mOK<1b>[0m test-wrapper-auglag.R......... 5 tests <1b>[0;32mOK<1b>[0m test-wrapper-auglag.R......... 5 tests <1b>[0;32mOK<1b>[0m test-wrapper-auglag.R......... 5 tests <1b>[0;32mOK<1b>[0m test-wrapper-auglag.R......... 6 tests <1b>[0;32mOK<1b>[0m test-wrapper-auglag.R......... 7 tests <1b>[0;32mOK<1b>[0m test-wrapper-auglag.R......... 8 tests <1b>[0;32mOK<1b>[0m test-wrapper-auglag.R......... 9 tests <1b>[0;32mOK<1b>[0m test-wrapper-auglag.R......... 10 tests <1b>[0;32mOK<1b>[0m test-wrapper-auglag.R......... 11 tests <1b>[0;32mOK<1b>[0m test-wrapper-auglag.R......... 11 tests <1b>[0;32mOK<1b>[0m test-wrapper-auglag.R......... 11 tests <1b>[0;32mOK<1b>[0m test-wrapper-auglag.R......... 12 tests <1b>[0;32mOK<1b>[0m test-wrapper-auglag.R......... 13 tests <1b>[0;32mOK<1b>[0m test-wrapper-auglag.R......... 14 tests <1b>[0;32mOK<1b>[0m test-wrapper-auglag.R......... 15 tests <1b>[0;32mOK<1b>[0m test-wrapper-auglag.R......... 16 tests <1b>[0;32mOK<1b>[0m test-wrapper-auglag.R......... 17 tests <1b>[0;32mOK<1b>[0m test-wrapper-auglag.R......... 17 tests <1b>[0;32mOK<1b>[0m test-wrapper-auglag.R......... 17 tests <1b>[0;32mOK<1b>[0m test-wrapper-auglag.R......... 18 tests <1b>[0;32mOK<1b>[0m test-wrapper-auglag.R......... 19 tests <1b>[0;32mOK<1b>[0m test-wrapper-auglag.R......... 20 tests <1b>[0;32mOK<1b>[0m test-wrapper-auglag.R......... 21 tests <1b>[0;32mOK<1b>[0m test-wrapper-auglag.R......... 22 tests <1b>[0;32mOK<1b>[0m test-wrapper-auglag.R......... 23 tests <1b>[0;32mOK<1b>[0m test-wrapper-auglag.R......... 23 tests <1b>[0;32mOK<1b>[0m test-wrapper-auglag.R......... 24 tests <1b>[0;32mOK<1b>[0m test-wrapper-auglag.R......... 25 tests <1b>[0;32mOK<1b>[0m test-wrapper-auglag.R......... 26 tests <1b>[0;32mOK<1b>[0m test-wrapper-auglag.R......... 27 tests <1b>[0;32mOK<1b>[0m test-wrapper-auglag.R......... 28 tests <1b>[0;32mOK<1b>[0m test-wrapper-auglag.R......... 29 tests <1b>[0;32mOK<1b>[0m test-wrapper-auglag.R......... 29 tests <1b>[0;32mOK<1b>[0m test-wrapper-auglag.R......... 29 tests <1b>[0;32mOK<1b>[0m test-wrapper-auglag.R......... 30 tests <1b>[0;32mOK<1b>[0m test-wrapper-auglag.R......... 31 tests <1b>[0;32mOK<1b>[0m test-wrapper-auglag.R......... 32 tests <1b>[0;32mOK<1b>[0m test-wrapper-auglag.R......... 33 tests <1b>[0;32mOK<1b>[0m test-wrapper-auglag.R......... 34 tests <1b>[0;32mOK<1b>[0m test-wrapper-auglag.R......... 35 tests <1b>[0;32mOK<1b>[0m test-wrapper-auglag.R......... 35 tests <1b>[0;32mOK<1b>[0m test-wrapper-auglag.R......... 35 tests <1b>[0;32mOK<1b>[0m test-wrapper-auglag.R......... 36 tests <1b>[0;32mOK<1b>[0m test-wrapper-auglag.R......... 37 tests <1b>[0;32mOK<1b>[0m test-wrapper-auglag.R......... 38 tests <1b>[0;32mOK<1b>[0m test-wrapper-auglag.R......... 39 tests <1b>[0;32mOK<1b>[0m test-wrapper-auglag.R......... 40 tests <1b>[0;32mOK<1b>[0m test-wrapper-auglag.R......... 41 tests <1b>[0;32mOK<1b>[0m test-wrapper-auglag.R......... 42 tests <1b>[0;32mOK<1b>[0m test-wrapper-auglag.R......... 42 tests <1b>[0;32mOK<1b>[0m test-wrapper-auglag.R......... 43 tests <1b>[0;32mOK<1b>[0m test-wrapper-auglag.R......... 44 tests <1b>[0;32mOK<1b>[0m test-wrapper-auglag.R......... 45 tests <1b>[0;32mOK<1b>[0m test-wrapper-auglag.R......... 46 tests <1b>[0;32mOK<1b>[0m test-wrapper-auglag.R......... 47 tests <1b>[0;32mOK<1b>[0m test-wrapper-auglag.R......... 48 tests <1b>[0;32mOK<1b>[0m <1b>[0;34m0.6s<1b>[0m test-wrapper-ccsaq.R.......... 0 tests test-wrapper-ccsaq.R.......... 0 tests test-wrapper-ccsaq.R.......... 0 tests test-wrapper-ccsaq.R.......... 0 tests test-wrapper-ccsaq.R.......... 0 tests test-wrapper-ccsaq.R.......... 0 tests test-wrapper-ccsaq.R.......... 0 tests test-wrapper-ccsaq.R.......... 0 tests test-wrapper-ccsaq.R.......... 0 tests test-wrapper-ccsaq.R.......... 0 tests test-wrapper-ccsaq.R.......... 0 tests test-wrapper-ccsaq.R.......... 0 tests test-wrapper-ccsaq.R.......... 0 tests test-wrapper-ccsaq.R.......... 1 tests <1b>[0;32mOK<1b>[0m test-wrapper-ccsaq.R.......... 2 tests <1b>[0;32mOK<1b>[0m test-wrapper-ccsaq.R.......... 3 tests <1b>[0;32mOK<1b>[0m test-wrapper-ccsaq.R.......... 3 tests <1b>[0;32mOK<1b>[0m test-wrapper-ccsaq.R.......... 3 tests <1b>[0;32mOK<1b>[0m test-wrapper-ccsaq.R.......... 3 tests <1b>[0;32mOK<1b>[0m test-wrapper-ccsaq.R.......... 4 tests <1b>[0;32mOK<1b>[0m test-wrapper-ccsaq.R.......... 5 tests <1b>[0;32mOK<1b>[0m test-wrapper-ccsaq.R.......... 6 tests <1b>[0;32mOK<1b>[0m test-wrapper-ccsaq.R.......... 7 tests <1b>[0;32mOK<1b>[0m test-wrapper-ccsaq.R.......... 8 tests <1b>[0;32mOK<1b>[0m test-wrapper-ccsaq.R.......... 8 tests <1b>[0;32mOK<1b>[0m test-wrapper-ccsaq.R.......... 9 tests <1b>[0;32mOK<1b>[0m test-wrapper-ccsaq.R.......... 10 tests <1b>[0;32mOK<1b>[0m test-wrapper-ccsaq.R.......... 11 tests <1b>[0;32mOK<1b>[0m test-wrapper-ccsaq.R.......... 12 tests <1b>[0;32mOK<1b>[0m test-wrapper-ccsaq.R.......... 13 tests <1b>[0;32mOK<1b>[0m test-wrapper-ccsaq.R.......... 13 tests <1b>[0;32mOK<1b>[0m test-wrapper-ccsaq.R.......... 14 tests <1b>[0;32mOK<1b>[0m test-wrapper-ccsaq.R.......... 15 tests <1b>[0;32mOK<1b>[0m test-wrapper-ccsaq.R.......... 16 tests <1b>[0;32mOK<1b>[0m test-wrapper-ccsaq.R.......... 17 tests <1b>[0;32mOK<1b>[0m test-wrapper-ccsaq.R.......... 18 tests <1b>[0;32mOK<1b>[0m test-wrapper-ccsaq.R.......... 19 tests <1b>[0;32mOK<1b>[0m test-wrapper-ccsaq.R.......... 19 tests <1b>[0;32mOK<1b>[0m test-wrapper-ccsaq.R.......... 20 tests <1b>[0;32mOK<1b>[0m test-wrapper-ccsaq.R.......... 21 tests <1b>[0;32mOK<1b>[0m test-wrapper-ccsaq.R.......... 22 tests <1b>[0;32mOK<1b>[0m test-wrapper-ccsaq.R.......... 23 tests <1b>[0;32mOK<1b>[0m test-wrapper-ccsaq.R.......... 24 tests <1b>[0;32mOK<1b>[0m <1b>[0;34m0.7s<1b>[0m test-wrapper-cobyla.R......... 0 tests test-wrapper-cobyla.R......... 0 tests test-wrapper-cobyla.R......... 0 tests test-wrapper-cobyla.R......... 0 tests test-wrapper-cobyla.R......... 0 tests test-wrapper-cobyla.R......... 0 tests test-wrapper-cobyla.R......... 0 tests test-wrapper-cobyla.R......... 0 tests test-wrapper-cobyla.R......... 1 tests <1b>[0;32mOK<1b>[0m test-wrapper-cobyla.R......... 2 tests <1b>[0;32mOK<1b>[0m test-wrapper-cobyla.R......... 3 tests <1b>[0;32mOK<1b>[0m test-wrapper-cobyla.R......... 4 tests <1b>[0;32mOK<1b>[0m test-wrapper-cobyla.R......... 5 tests <1b>[0;32mOK<1b>[0m test-wrapper-cobyla.R......... 6 tests <1b>[0;32mOK<1b>[0m test-wrapper-cobyla.R......... 6 tests <1b>[0;32mOK<1b>[0m test-wrapper-cobyla.R......... 6 tests <1b>[0;32mOK<1b>[0m test-wrapper-cobyla.R......... 7 tests <1b>[0;32mOK<1b>[0m test-wrapper-cobyla.R......... 8 tests <1b>[0;32mOK<1b>[0m test-wrapper-cobyla.R......... 9 tests <1b>[0;32mOK<1b>[0m test-wrapper-cobyla.R......... 10 tests <1b>[0;32mOK<1b>[0m test-wrapper-cobyla.R......... 11 tests <1b>[0;32mOK<1b>[0m test-wrapper-cobyla.R......... 12 tests <1b>[0;32mOK<1b>[0m test-wrapper-cobyla.R......... 12 tests <1b>[0;32mOK<1b>[0m test-wrapper-cobyla.R......... 13 tests <1b>[0;32mOK<1b>[0m test-wrapper-cobyla.R......... 14 tests <1b>[0;32mOK<1b>[0m test-wrapper-cobyla.R......... 15 tests <1b>[0;32mOK<1b>[0m test-wrapper-cobyla.R......... 16 tests <1b>[0;32mOK<1b>[0m test-wrapper-cobyla.R......... 17 tests <1b>[0;32mOK<1b>[0m test-wrapper-cobyla.R......... 17 tests <1b>[0;32mOK<1b>[0m test-wrapper-cobyla.R......... 17 tests <1b>[0;32mOK<1b>[0m test-wrapper-cobyla.R......... 18 tests <1b>[0;32mOK<1b>[0m test-wrapper-cobyla.R......... 19 tests <1b>[0;32mOK<1b>[0m test-wrapper-cobyla.R......... 20 tests <1b>[0;32mOK<1b>[0m test-wrapper-cobyla.R......... 21 tests <1b>[0;32mOK<1b>[0m test-wrapper-cobyla.R......... 22 tests <1b>[0;32mOK<1b>[0m test-wrapper-cobyla.R......... 22 tests <1b>[0;32mOK<1b>[0m test-wrapper-cobyla.R......... 22 tests <1b>[0;32mOK<1b>[0m test-wrapper-cobyla.R......... 23 tests <1b>[0;32mOK<1b>[0m test-wrapper-cobyla.R......... 24 tests <1b>[0;32mOK<1b>[0m test-wrapper-cobyla.R......... 25 tests <1b>[0;32mOK<1b>[0m test-wrapper-cobyla.R......... 26 tests <1b>[0;32mOK<1b>[0m test-wrapper-cobyla.R......... 27 tests <1b>[0;32mOK<1b>[0m <1b>[0;34m0.7s<1b>[0m test-wrapper-direct.R......... 0 tests test-wrapper-direct.R......... 0 tests test-wrapper-direct.R......... 0 tests test-wrapper-direct.R......... 0 tests test-wrapper-direct.R......... 0 tests test-wrapper-direct.R......... 0 tests test-wrapper-direct.R......... 0 tests test-wrapper-direct.R......... 1 tests <1b>[0;32mOK<1b>[0m test-wrapper-direct.R......... 2 tests <1b>[0;32mOK<1b>[0m test-wrapper-direct.R......... 3 tests <1b>[0;32mOK<1b>[0m test-wrapper-direct.R......... 4 tests <1b>[0;32mOK<1b>[0m test-wrapper-direct.R......... 4 tests <1b>[0;32mOK<1b>[0m test-wrapper-direct.R......... 4 tests <1b>[0;32mOK<1b>[0m test-wrapper-direct.R......... 5 tests <1b>[0;32mOK<1b>[0m test-wrapper-direct.R......... 6 tests <1b>[0;32mOK<1b>[0m test-wrapper-direct.R......... 7 tests <1b>[0;32mOK<1b>[0m test-wrapper-direct.R......... 8 tests <1b>[0;32mOK<1b>[0m test-wrapper-direct.R......... 9 tests <1b>[0;32mOK<1b>[0m test-wrapper-direct.R......... 9 tests <1b>[0;32mOK<1b>[0m test-wrapper-direct.R......... 9 tests <1b>[0;32mOK<1b>[0m test-wrapper-direct.R......... 10 tests <1b>[0;32mOK<1b>[0m test-wrapper-direct.R......... 11 tests <1b>[0;32mOK<1b>[0m test-wrapper-direct.R......... 12 tests <1b>[0;32mOK<1b>[0m test-wrapper-direct.R......... 13 tests <1b>[0;32mOK<1b>[0m test-wrapper-direct.R......... 14 tests <1b>[0;32mOK<1b>[0m test-wrapper-direct.R......... 14 tests <1b>[0;32mOK<1b>[0m test-wrapper-direct.R......... 14 tests <1b>[0;32mOK<1b>[0m test-wrapper-direct.R......... 15 tests <1b>[0;32mOK<1b>[0m test-wrapper-direct.R......... 16 tests <1b>[0;32mOK<1b>[0m test-wrapper-direct.R......... 17 tests <1b>[0;32mOK<1b>[0m test-wrapper-direct.R......... 18 tests <1b>[0;32mOK<1b>[0m test-wrapper-direct.R......... 19 tests <1b>[0;32mOK<1b>[0m test-wrapper-direct.R......... 19 tests <1b>[0;32mOK<1b>[0m test-wrapper-direct.R......... 19 tests <1b>[0;32mOK<1b>[0m test-wrapper-direct.R......... 20 tests <1b>[0;32mOK<1b>[0m test-wrapper-direct.R......... 21 tests <1b>[0;32mOK<1b>[0m test-wrapper-direct.R......... 22 tests <1b>[0;32mOK<1b>[0m test-wrapper-direct.R......... 23 tests <1b>[0;32mOK<1b>[0m test-wrapper-direct.R......... 24 tests <1b>[0;32mOK<1b>[0m test-wrapper-direct.R......... 24 tests <1b>[0;32mOK<1b>[0m test-wrapper-direct.R......... 24 tests <1b>[0;32mOK<1b>[0m test-wrapper-direct.R......... 24 tests <1b>[0;32mOK<1b>[0m test-wrapper-direct.R......... 25 tests <1b>[0;32mOK<1b>[0m test-wrapper-direct.R......... 26 tests <1b>[0;32mOK<1b>[0m test-wrapper-direct.R......... 27 tests <1b>[0;32mOK<1b>[0m test-wrapper-direct.R......... 28 tests <1b>[0;32mOK<1b>[0m test-wrapper-direct.R......... 29 tests <1b>[0;32mOK<1b>[0m test-wrapper-direct.R......... 29 tests <1b>[0;32mOK<1b>[0m test-wrapper-direct.R......... 29 tests <1b>[0;32mOK<1b>[0m test-wrapper-direct.R......... 29 tests <1b>[0;32mOK<1b>[0m test-wrapper-direct.R......... 30 tests <1b>[0;32mOK<1b>[0m test-wrapper-direct.R......... 31 tests <1b>[0;32mOK<1b>[0m test-wrapper-direct.R......... 32 tests <1b>[0;32mOK<1b>[0m test-wrapper-direct.R......... 33 tests <1b>[0;32mOK<1b>[0m test-wrapper-direct.R......... 34 tests <1b>[0;32mOK<1b>[0m <1b>[0;34m11.4s<1b>[0m test-wrapper-global.R......... 0 tests test-wrapper-global.R......... 0 tests test-wrapper-global.R......... 0 tests test-wrapper-global.R......... 0 tests test-wrapper-global.R......... 0 tests test-wrapper-global.R......... 0 tests test-wrapper-global.R......... 0 tests test-wrapper-global.R......... 0 tests test-wrapper-global.R......... 0 tests test-wrapper-global.R......... 0 tests test-wrapper-global.R......... 0 tests test-wrapper-global.R......... 0 tests test-wrapper-global.R......... 0 tests test-wrapper-global.R......... 0 tests test-wrapper-global.R......... 0 tests test-wrapper-global.R......... 0 tests test-wrapper-global.R......... 0 tests test-wrapper-global.R......... 1 tests <1b>[0;32mOK<1b>[0m test-wrapper-global.R......... 2 tests <1b>[0;32mOK<1b>[0m test-wrapper-global.R......... 2 tests <1b>[0;32mOK<1b>[0m test-wrapper-global.R......... 2 tests <1b>[0;32mOK<1b>[0m test-wrapper-global.R......... 3 tests <1b>[0;32mOK<1b>[0m test-wrapper-global.R......... 4 tests <1b>[0;32mOK<1b>[0m test-wrapper-global.R......... 5 tests <1b>[0;32mOK<1b>[0m test-wrapper-global.R......... 6 tests <1b>[0;32mOK<1b>[0m test-wrapper-global.R......... 7 tests <1b>[0;32mOK<1b>[0m test-wrapper-global.R......... 7 tests <1b>[0;32mOK<1b>[0m test-wrapper-global.R......... 7 tests <1b>[0;32mOK<1b>[0m test-wrapper-global.R......... 8 tests <1b>[0;32mOK<1b>[0m test-wrapper-global.R......... 9 tests <1b>[0;32mOK<1b>[0m test-wrapper-global.R......... 10 tests <1b>[0;32mOK<1b>[0m test-wrapper-global.R......... 11 tests <1b>[0;32mOK<1b>[0m test-wrapper-global.R......... 12 tests <1b>[0;32mOK<1b>[0m test-wrapper-global.R......... 12 tests <1b>[0;32mOK<1b>[0m test-wrapper-global.R......... 12 tests <1b>[0;32mOK<1b>[0m test-wrapper-global.R......... 13 tests <1b>[0;32mOK<1b>[0m test-wrapper-global.R......... 14 tests <1b>[0;32mOK<1b>[0m test-wrapper-global.R......... 15 tests <1b>[0;32mOK<1b>[0m test-wrapper-global.R......... 16 tests <1b>[0;32mOK<1b>[0m test-wrapper-global.R......... 17 tests <1b>[0;32mOK<1b>[0m test-wrapper-global.R......... 18 tests <1b>[0;32mOK<1b>[0m test-wrapper-global.R......... 19 tests <1b>[0;32mOK<1b>[0m test-wrapper-global.R......... 19 tests <1b>[0;32mOK<1b>[0m test-wrapper-global.R......... 19 tests <1b>[0;32mOK<1b>[0m test-wrapper-global.R......... 20 tests <1b>[0;32mOK<1b>[0m test-wrapper-global.R......... 21 tests <1b>[0;32mOK<1b>[0m test-wrapper-global.R......... 22 tests <1b>[0;32mOK<1b>[0m test-wrapper-global.R......... 23 tests <1b>[0;32mOK<1b>[0m test-wrapper-global.R......... 23 tests <1b>[0;32mOK<1b>[0m test-wrapper-global.R......... 23 tests <1b>[0;32mOK<1b>[0m test-wrapper-global.R......... 24 tests <1b>[0;32mOK<1b>[0m test-wrapper-global.R......... 25 tests <1b>[0;32mOK<1b>[0m test-wrapper-global.R......... 25 tests <1b>[0;32mOK<1b>[0m test-wrapper-global.R......... 26 tests <1b>[0;32mOK<1b>[0m test-wrapper-global.R......... 26 tests <1b>[0;32mOK<1b>[0m test-wrapper-global.R......... 27 tests <1b>[0;32mOK<1b>[0m test-wrapper-global.R......... 28 tests <1b>[0;32mOK<1b>[0m test-wrapper-global.R......... 29 tests <1b>[0;32mOK<1b>[0m test-wrapper-global.R......... 30 tests <1b>[0;32mOK<1b>[0m test-wrapper-global.R......... 31 tests <1b>[0;32mOK<1b>[0m test-wrapper-global.R......... 31 tests <1b>[0;32mOK<1b>[0m test-wrapper-global.R......... 32 tests <1b>[0;32mOK<1b>[0m test-wrapper-global.R......... 33 tests <1b>[0;31m1 fails<1b>[0m test-wrapper-global.R......... 34 tests <1b>[0;31m1 fails<1b>[0m test-wrapper-global.R......... 35 tests <1b>[0;31m1 fails<1b>[0m test-wrapper-global.R......... 35 tests <1b>[0;31m1 fails<1b>[0m test-wrapper-global.R......... 35 tests <1b>[0;31m1 fails<1b>[0m test-wrapper-global.R......... 36 tests <1b>[0;31m1 fails<1b>[0m test-wrapper-global.R......... 37 tests <1b>[0;31m1 fails<1b>[0m test-wrapper-global.R......... 37 tests <1b>[0;31m1 fails<1b>[0m test-wrapper-global.R......... 37 tests <1b>[0;31m1 fails<1b>[0m test-wrapper-global.R......... 38 tests <1b>[0;31m1 fails<1b>[0m test-wrapper-global.R......... 39 tests <1b>[0;31m1 fails<1b>[0m test-wrapper-global.R......... 40 tests <1b>[0;31m1 fails<1b>[0m test-wrapper-global.R......... 41 tests <1b>[0;31m1 fails<1b>[0m test-wrapper-global.R......... 42 tests <1b>[0;31m1 fails<1b>[0m <1b>[0;34m2.8s<1b>[0m test-wrapper-lbgfs.R.......... 0 tests test-wrapper-lbgfs.R.......... 0 tests test-wrapper-lbgfs.R.......... 0 tests test-wrapper-lbgfs.R.......... 0 tests test-wrapper-lbgfs.R.......... 0 tests test-wrapper-lbgfs.R.......... 0 tests test-wrapper-lbgfs.R.......... 1 tests <1b>[0;32mOK<1b>[0m test-wrapper-lbgfs.R.......... 2 tests <1b>[0;32mOK<1b>[0m test-wrapper-lbgfs.R.......... 2 tests <1b>[0;32mOK<1b>[0m test-wrapper-lbgfs.R.......... 2 tests <1b>[0;32mOK<1b>[0m test-wrapper-lbgfs.R.......... 3 tests <1b>[0;32mOK<1b>[0m test-wrapper-lbgfs.R.......... 4 tests <1b>[0;32mOK<1b>[0m test-wrapper-lbgfs.R.......... 5 tests <1b>[0;32mOK<1b>[0m test-wrapper-lbgfs.R.......... 6 tests <1b>[0;32mOK<1b>[0m test-wrapper-lbgfs.R.......... 7 tests <1b>[0;32mOK<1b>[0m test-wrapper-lbgfs.R.......... 7 tests <1b>[0;32mOK<1b>[0m test-wrapper-lbgfs.R.......... 7 tests <1b>[0;32mOK<1b>[0m test-wrapper-lbgfs.R.......... 7 tests <1b>[0;32mOK<1b>[0m test-wrapper-lbgfs.R.......... 7 tests <1b>[0;32mOK<1b>[0m test-wrapper-lbgfs.R.......... 8 tests <1b>[0;32mOK<1b>[0m test-wrapper-lbgfs.R.......... 9 tests <1b>[0;32mOK<1b>[0m test-wrapper-lbgfs.R.......... 10 tests <1b>[0;32mOK<1b>[0m test-wrapper-lbgfs.R.......... 11 tests <1b>[0;32mOK<1b>[0m test-wrapper-lbgfs.R.......... 12 tests <1b>[0;32mOK<1b>[0m <1b>[0;34m2.3s<1b>[0m test-wrapper-mlsl.R........... 0 tests test-wrapper-mlsl.R........... 0 tests test-wrapper-mlsl.R........... 0 tests test-wrapper-mlsl.R........... 0 tests test-wrapper-mlsl.R........... 0 tests test-wrapper-mlsl.R........... 0 tests test-wrapper-mlsl.R........... 0 tests test-wrapper-mlsl.R........... 0 tests test-wrapper-mlsl.R........... 1 tests <1b>[0;32mOK<1b>[0m test-wrapper-mlsl.R........... 2 tests <1b>[0;32mOK<1b>[0m test-wrapper-mlsl.R........... 3 tests <1b>[0;32mOK<1b>[0m test-wrapper-mlsl.R........... 3 tests <1b>[0;32mOK<1b>[0m test-wrapper-mlsl.R........... 3 tests <1b>[0;32mOK<1b>[0m test-wrapper-mlsl.R........... 4 tests <1b>[0;32mOK<1b>[0m test-wrapper-mlsl.R........... 5 tests <1b>[0;32mOK<1b>[0m test-wrapper-mlsl.R........... 6 tests <1b>[0;32mOK<1b>[0m test-wrapper-mlsl.R........... 7 tests <1b>[0;32mOK<1b>[0m test-wrapper-mlsl.R........... 8 tests <1b>[0;32mOK<1b>[0m test-wrapper-mlsl.R........... 8 tests <1b>[0;32mOK<1b>[0m test-wrapper-mlsl.R........... 8 tests <1b>[0;32mOK<1b>[0m test-wrapper-mlsl.R........... 9 tests <1b>[0;32mOK<1b>[0m test-wrapper-mlsl.R........... 10 tests <1b>[0;32mOK<1b>[0m test-wrapper-mlsl.R........... 11 tests <1b>[0;32mOK<1b>[0m test-wrapper-mlsl.R........... 12 tests <1b>[0;32mOK<1b>[0m test-wrapper-mlsl.R........... 13 tests <1b>[0;32mOK<1b>[0m <1b>[0;34m6.8s<1b>[0m test-wrapper-mma.R............ 0 tests test-wrapper-mma.R............ 0 tests test-wrapper-mma.R............ 0 tests test-wrapper-mma.R............ 0 tests test-wrapper-mma.R............ 0 tests test-wrapper-mma.R............ 0 tests test-wrapper-mma.R............ 0 tests test-wrapper-mma.R............ 0 tests test-wrapper-mma.R............ 0 tests test-wrapper-mma.R............ 0 tests test-wrapper-mma.R............ 1 tests <1b>[0;32mOK<1b>[0m test-wrapper-mma.R............ 2 tests <1b>[0;32mOK<1b>[0m test-wrapper-mma.R............ 2 tests <1b>[0;32mOK<1b>[0m test-wrapper-mma.R............ 2 tests <1b>[0;32mOK<1b>[0m test-wrapper-mma.R............ 3 tests <1b>[0;32mOK<1b>[0m test-wrapper-mma.R............ 4 tests <1b>[0;32mOK<1b>[0m test-wrapper-mma.R............ 5 tests <1b>[0;32mOK<1b>[0m test-wrapper-mma.R............ 6 tests <1b>[0;32mOK<1b>[0m test-wrapper-mma.R............ 7 tests <1b>[0;32mOK<1b>[0m test-wrapper-mma.R............ 7 tests <1b>[0;32mOK<1b>[0m test-wrapper-mma.R............ 7 tests <1b>[0;32mOK<1b>[0m test-wrapper-mma.R............ 8 tests <1b>[0;32mOK<1b>[0m test-wrapper-mma.R............ 9 tests <1b>[0;32mOK<1b>[0m test-wrapper-mma.R............ 10 tests <1b>[0;32mOK<1b>[0m test-wrapper-mma.R............ 11 tests <1b>[0;32mOK<1b>[0m test-wrapper-mma.R............ 12 tests <1b>[0;32mOK<1b>[0m test-wrapper-mma.R............ 13 tests <1b>[0;32mOK<1b>[0m test-wrapper-mma.R............ 13 tests <1b>[0;32mOK<1b>[0m test-wrapper-mma.R............ 14 tests <1b>[0;32mOK<1b>[0m test-wrapper-mma.R............ 15 tests <1b>[0;32mOK<1b>[0m test-wrapper-mma.R............ 16 tests <1b>[0;32mOK<1b>[0m test-wrapper-mma.R............ 17 tests <1b>[0;32mOK<1b>[0m test-wrapper-mma.R............ 18 tests <1b>[0;32mOK<1b>[0m <1b>[0;34m1.9s<1b>[0m test-wrapper-nm.R............. 0 tests test-wrapper-nm.R............. 0 tests test-wrapper-nm.R............. 0 tests test-wrapper-nm.R............. 1 tests <1b>[0;32mOK<1b>[0m test-wrapper-nm.R............. 2 tests <1b>[0;32mOK<1b>[0m test-wrapper-nm.R............. 2 tests <1b>[0;32mOK<1b>[0m test-wrapper-nm.R............. 2 tests <1b>[0;32mOK<1b>[0m test-wrapper-nm.R............. 3 tests <1b>[0;32mOK<1b>[0m test-wrapper-nm.R............. 4 tests <1b>[0;32mOK<1b>[0m test-wrapper-nm.R............. 5 tests <1b>[0;32mOK<1b>[0m test-wrapper-nm.R............. 6 tests <1b>[0;32mOK<1b>[0m test-wrapper-nm.R............. 7 tests <1b>[0;32mOK<1b>[0m test-wrapper-nm.R............. 8 tests <1b>[0;32mOK<1b>[0m test-wrapper-nm.R............. 9 tests <1b>[0;32mOK<1b>[0m test-wrapper-nm.R............. 9 tests <1b>[0;32mOK<1b>[0m test-wrapper-nm.R............. 9 tests <1b>[0;32mOK<1b>[0m test-wrapper-nm.R............. 10 tests <1b>[0;32mOK<1b>[0m test-wrapper-nm.R............. 11 tests <1b>[0;32mOK<1b>[0m test-wrapper-nm.R............. 12 tests <1b>[0;32mOK<1b>[0m test-wrapper-nm.R............. 13 tests <1b>[0;32mOK<1b>[0m test-wrapper-nm.R............. 14 tests <1b>[0;32mOK<1b>[0m <1b>[0;34m0.1s<1b>[0m test-wrapper-slsqp.R.......... 0 tests test-wrapper-slsqp.R.......... 0 tests test-wrapper-slsqp.R.......... 0 tests test-wrapper-slsqp.R.......... 0 tests test-wrapper-slsqp.R.......... 0 tests test-wrapper-slsqp.R.......... 0 tests test-wrapper-slsqp.R.......... 0 tests test-wrapper-slsqp.R.......... 0 tests test-wrapper-slsqp.R.......... 0 tests test-wrapper-slsqp.R.......... 0 tests test-wrapper-slsqp.R.......... 0 tests test-wrapper-slsqp.R.......... 0 tests test-wrapper-slsqp.R.......... 0 tests test-wrapper-slsqp.R.......... 1 tests <1b>[0;32mOK<1b>[0m test-wrapper-slsqp.R.......... 2 tests <1b>[0;32mOK<1b>[0m test-wrapper-slsqp.R.......... 2 tests <1b>[0;32mOK<1b>[0m test-wrapper-slsqp.R.......... 2 tests <1b>[0;32mOK<1b>[0m test-wrapper-slsqp.R.......... 3 tests <1b>[0;32mOK<1b>[0m test-wrapper-slsqp.R.......... 4 tests <1b>[0;32mOK<1b>[0m test-wrapper-slsqp.R.......... 5 tests <1b>[0;32mOK<1b>[0m test-wrapper-slsqp.R.......... 6 tests <1b>[0;32mOK<1b>[0m test-wrapper-slsqp.R.......... 7 tests <1b>[0;32mOK<1b>[0m test-wrapper-slsqp.R.......... 7 tests <1b>[0;32mOK<1b>[0m test-wrapper-slsqp.R.......... 7 tests <1b>[0;32mOK<1b>[0m test-wrapper-slsqp.R.......... 8 tests <1b>[0;32mOK<1b>[0m test-wrapper-slsqp.R.......... 9 tests <1b>[0;32mOK<1b>[0m test-wrapper-slsqp.R.......... 10 tests <1b>[0;32mOK<1b>[0m test-wrapper-slsqp.R.......... 11 tests <1b>[0;32mOK<1b>[0m test-wrapper-slsqp.R.......... 12 tests <1b>[0;32mOK<1b>[0m test-wrapper-slsqp.R.......... 12 tests <1b>[0;32mOK<1b>[0m test-wrapper-slsqp.R.......... 12 tests <1b>[0;32mOK<1b>[0m test-wrapper-slsqp.R.......... 13 tests <1b>[0;32mOK<1b>[0m test-wrapper-slsqp.R.......... 14 tests <1b>[0;32mOK<1b>[0m test-wrapper-slsqp.R.......... 15 tests <1b>[0;32mOK<1b>[0m test-wrapper-slsqp.R.......... 16 tests <1b>[0;32mOK<1b>[0m test-wrapper-slsqp.R.......... 17 tests <1b>[0;32mOK<1b>[0m test-wrapper-slsqp.R.......... 17 tests <1b>[0;32mOK<1b>[0m test-wrapper-slsqp.R.......... 17 tests <1b>[0;32mOK<1b>[0m test-wrapper-slsqp.R.......... 18 tests <1b>[0;32mOK<1b>[0m test-wrapper-slsqp.R.......... 19 tests <1b>[0;32mOK<1b>[0m test-wrapper-slsqp.R.......... 20 tests <1b>[0;32mOK<1b>[0m test-wrapper-slsqp.R.......... 21 tests <1b>[0;32mOK<1b>[0m test-wrapper-slsqp.R.......... 22 tests <1b>[0;32mOK<1b>[0m test-wrapper-slsqp.R.......... 23 tests <1b>[0;32mOK<1b>[0m test-wrapper-slsqp.R.......... 23 tests <1b>[0;32mOK<1b>[0m test-wrapper-slsqp.R.......... 24 tests <1b>[0;32mOK<1b>[0m test-wrapper-slsqp.R.......... 25 tests <1b>[0;32mOK<1b>[0m test-wrapper-slsqp.R.......... 26 tests <1b>[0;32mOK<1b>[0m test-wrapper-slsqp.R.......... 27 tests <1b>[0;32mOK<1b>[0m test-wrapper-slsqp.R.......... 28 tests <1b>[0;32mOK<1b>[0m <1b>[0;34m0.4s<1b>[0m test-wrapper-tnewton.R........ 0 tests test-wrapper-tnewton.R........ 0 tests test-wrapper-tnewton.R........ 0 tests test-wrapper-tnewton.R........ 0 tests test-wrapper-tnewton.R........ 0 tests test-wrapper-tnewton.R........ 0 tests test-wrapper-tnewton.R........ 1 tests <1b>[0;32mOK<1b>[0m test-wrapper-tnewton.R........ 2 tests <1b>[0;32mOK<1b>[0m test-wrapper-tnewton.R........ 2 tests <1b>[0;32mOK<1b>[0m test-wrapper-tnewton.R........ 2 tests <1b>[0;32mOK<1b>[0m test-wrapper-tnewton.R........ 3 tests <1b>[0;32mOK<1b>[0m test-wrapper-tnewton.R........ 4 tests <1b>[0;32mOK<1b>[0m test-wrapper-tnewton.R........ 5 tests <1b>[0;32mOK<1b>[0m test-wrapper-tnewton.R........ 6 tests <1b>[0;32mOK<1b>[0m test-wrapper-tnewton.R........ 7 tests <1b>[0;32mOK<1b>[0m test-wrapper-tnewton.R........ 7 tests <1b>[0;32mOK<1b>[0m test-wrapper-tnewton.R........ 7 tests <1b>[0;32mOK<1b>[0m test-wrapper-tnewton.R........ 8 tests <1b>[0;32mOK<1b>[0m test-wrapper-tnewton.R........ 9 tests <1b>[0;32mOK<1b>[0m test-wrapper-tnewton.R........ 10 tests <1b>[0;32mOK<1b>[0m test-wrapper-tnewton.R........ 11 tests <1b>[0;32mOK<1b>[0m test-wrapper-tnewton.R........ 12 tests <1b>[0;32mOK<1b>[0m test-wrapper-tnewton.R........ 12 tests <1b>[0;32mOK<1b>[0m test-wrapper-tnewton.R........ 12 tests <1b>[0;32mOK<1b>[0m test-wrapper-tnewton.R........ 13 tests <1b>[0;32mOK<1b>[0m test-wrapper-tnewton.R........ 14 tests <1b>[0;32mOK<1b>[0m test-wrapper-tnewton.R........ 15 tests <1b>[0;32mOK<1b>[0m test-wrapper-tnewton.R........ 16 tests <1b>[0;32mOK<1b>[0m test-wrapper-tnewton.R........ 17 tests <1b>[0;32mOK<1b>[0m test-wrapper-tnewton.R........ 17 tests <1b>[0;32mOK<1b>[0m test-wrapper-tnewton.R........ 17 tests <1b>[0;32mOK<1b>[0m test-wrapper-tnewton.R........ 18 tests <1b>[0;32mOK<1b>[0m test-wrapper-tnewton.R........ 19 tests <1b>[0;32mOK<1b>[0m test-wrapper-tnewton.R........ 20 tests <1b>[0;32mOK<1b>[0m test-wrapper-tnewton.R........ 21 tests <1b>[0;32mOK<1b>[0m test-wrapper-tnewton.R........ 22 tests <1b>[0;32mOK<1b>[0m test-wrapper-tnewton.R........ 22 tests <1b>[0;32mOK<1b>[0m test-wrapper-tnewton.R........ 22 tests <1b>[0;32mOK<1b>[0m test-wrapper-tnewton.R........ 22 tests <1b>[0;32mOK<1b>[0m test-wrapper-tnewton.R........ 22 tests <1b>[0;32mOK<1b>[0m test-wrapper-tnewton.R........ 23 tests <1b>[0;32mOK<1b>[0m test-wrapper-tnewton.R........ 24 tests <1b>[0;32mOK<1b>[0m test-wrapper-tnewton.R........ 25 tests <1b>[0;32mOK<1b>[0m test-wrapper-tnewton.R........ 26 tests <1b>[0;32mOK<1b>[0m test-wrapper-tnewton.R........ 27 tests <1b>[0;32mOK<1b>[0m <1b>[0;34m2.8s<1b>[0m test-wrapper-varmetric.R...... 0 tests test-wrapper-varmetric.R...... 0 tests test-wrapper-varmetric.R...... 0 tests test-wrapper-varmetric.R...... 0 tests test-wrapper-varmetric.R...... 0 tests test-wrapper-varmetric.R...... 0 tests test-wrapper-varmetric.R...... 1 tests <1b>[0;32mOK<1b>[0m test-wrapper-varmetric.R...... 2 tests <1b>[0;32mOK<1b>[0m test-wrapper-varmetric.R...... 2 tests <1b>[0;32mOK<1b>[0m test-wrapper-varmetric.R...... 2 tests <1b>[0;32mOK<1b>[0m test-wrapper-varmetric.R...... 3 tests <1b>[0;32mOK<1b>[0m test-wrapper-varmetric.R...... 4 tests <1b>[0;32mOK<1b>[0m test-wrapper-varmetric.R...... 5 tests <1b>[0;32mOK<1b>[0m test-wrapper-varmetric.R...... 6 tests <1b>[0;32mOK<1b>[0m test-wrapper-varmetric.R...... 7 tests <1b>[0;32mOK<1b>[0m test-wrapper-varmetric.R...... 7 tests <1b>[0;32mOK<1b>[0m test-wrapper-varmetric.R...... 7 tests <1b>[0;32mOK<1b>[0m test-wrapper-varmetric.R...... 8 tests <1b>[0;32mOK<1b>[0m test-wrapper-varmetric.R...... 9 tests <1b>[0;32mOK<1b>[0m test-wrapper-varmetric.R...... 10 tests <1b>[0;32mOK<1b>[0m test-wrapper-varmetric.R...... 11 tests <1b>[0;32mOK<1b>[0m test-wrapper-varmetric.R...... 12 tests <1b>[0;32mOK<1b>[0m test-wrapper-varmetric.R...... 12 tests <1b>[0;32mOK<1b>[0m test-wrapper-varmetric.R...... 12 tests <1b>[0;32mOK<1b>[0m test-wrapper-varmetric.R...... 12 tests <1b>[0;32mOK<1b>[0m test-wrapper-varmetric.R...... 12 tests <1b>[0;32mOK<1b>[0m test-wrapper-varmetric.R...... 13 tests <1b>[0;32mOK<1b>[0m test-wrapper-varmetric.R...... 14 tests <1b>[0;32mOK<1b>[0m test-wrapper-varmetric.R...... 15 tests <1b>[0;32mOK<1b>[0m test-wrapper-varmetric.R...... 16 tests <1b>[0;32mOK<1b>[0m test-wrapper-varmetric.R...... 17 tests <1b>[0;32mOK<1b>[0m <1b>[0;34m0.4s<1b>[0m ----- FAILED[data]: test-wrapper-global.R<197--197> call| expect_equal(isresTest$value, isresControl$objective, tolerance = 1e-04) diff| Expected '0.00364455476684914', got '0.00364508273719204' Error: 1 out of 459 tests failed Execution halted Flavor: r-devel-linux-x86_64-debian-clang

Version: 2.0.3
Check: C++ specification
Result: NOTE Specified C++11: please drop specification unless essential Flavors: r-patched-linux-x86_64, r-release-linux-x86_64, r-release-windows-x86_64