CRAN Package Check Results for Package nnfor

Last updated on 2022-05-24 08:53:33 CEST.

Flavor Version Tinstall Tcheck Ttotal Status Flags
r-devel-linux-x86_64-debian-clang 0.9.6 12.15 120.59 132.74 NOTE
r-devel-linux-x86_64-debian-gcc 0.9.6 10.25 88.51 98.76 NOTE
r-devel-linux-x86_64-fedora-clang 0.9.6 153.81 NOTE
r-devel-linux-x86_64-fedora-gcc 0.9.6 139.99 NOTE
r-devel-windows-x86_64 0.9.6 30.00 137.00 167.00 NOTE
r-patched-linux-x86_64 0.9.6 11.89 112.32 124.21 NOTE
r-release-linux-x86_64 0.9.6 NOTE
r-release-macos-arm64 0.9.6 42.00 NOTE
r-release-macos-x86_64 0.9.6 72.00 NOTE
r-release-windows-x86_64 0.9.6 18.00 137.00 155.00 NOTE
r-oldrel-macos-arm64 0.9.6 58.00 NOTE
r-oldrel-macos-x86_64 0.9.6 103.00 NOTE
r-oldrel-windows-ix86+x86_64 0.9.6 29.00 124.00 153.00 NOTE

Check Details

Version: 0.9.6
Check: LazyData
Result: NOTE
     'LazyData' is specified without a 'data' directory
Flavors: r-devel-linux-x86_64-debian-clang, r-devel-linux-x86_64-debian-gcc, r-devel-linux-x86_64-fedora-clang, r-devel-linux-x86_64-fedora-gcc, r-devel-windows-x86_64, r-patched-linux-x86_64, r-release-linux-x86_64, r-release-macos-arm64, r-release-macos-x86_64, r-release-windows-x86_64, r-oldrel-macos-arm64, r-oldrel-macos-x86_64, r-oldrel-windows-ix86+x86_64

Version: 0.9.6
Check: dependencies in R code
Result: NOTE
    Namespace in Imports field not imported from: ‘uroot’
     All declared Imports should be used.
Flavors: r-devel-linux-x86_64-fedora-clang, r-devel-linux-x86_64-fedora-gcc, r-release-macos-arm64, r-release-macos-x86_64, r-oldrel-macos-arm64, r-oldrel-macos-x86_64