CRAN Package Check Results for Package nnfor

Last updated on 2020-02-17 17:52:16 CET.

Flavor Version Tinstall Tcheck Ttotal Status Flags
r-devel-linux-x86_64-debian-clang 0.9.6 8.47 76.21 84.68 OK
r-devel-linux-x86_64-debian-gcc 0.9.6 7.51 57.62 65.13 OK
r-devel-linux-x86_64-fedora-clang 0.9.6 102.76 NOTE
r-devel-linux-x86_64-fedora-gcc 0.9.6 98.62 NOTE
r-devel-windows-ix86+x86_64 0.9.6 25.00 91.00 116.00 OK
r-devel-windows-ix86+x86_64-gcc8 0.9.6 35.00 137.00 172.00 OK
r-patched-linux-x86_64 0.9.6 7.04 65.60 72.64 OK
r-patched-solaris-x86 0.9.6 129.40 NOTE
r-release-linux-x86_64 0.9.6 7.98 65.47 73.45 OK
r-release-windows-ix86+x86_64 0.9.6 16.00 88.00 104.00 OK
r-release-osx-x86_64 0.9.6 NOTE
r-oldrel-windows-ix86+x86_64 0.9.6 12.00 129.00 141.00 OK
r-oldrel-osx-x86_64 0.9.6 NOTE

Check Details

Version: 0.9.6
Check: dependencies in R code
Result: NOTE
    Namespace in Imports field not imported from: ‘uroot’
     All declared Imports should be used.
Flavors: r-devel-linux-x86_64-fedora-clang, r-devel-linux-x86_64-fedora-gcc, r-patched-solaris-x86, r-release-osx-x86_64, r-oldrel-osx-x86_64