CRAN Package Check Results for Package nomogramEx

Last updated on 2024-04-24 12:56:41 CEST.

Flavor Version Tinstall Tcheck Ttotal Status Flags
r-devel-linux-x86_64-debian-clang 3.0 11.79 108.88 120.67 NOTE
r-devel-linux-x86_64-debian-gcc 3.0 10.89 81.66 92.55 NOTE
r-devel-linux-x86_64-fedora-clang 3.0 152.56 NOTE
r-devel-linux-x86_64-fedora-gcc 3.0 148.65 NOTE
r-devel-windows-x86_64 3.0 13.00 90.00 103.00 NOTE
r-patched-linux-x86_64 3.0 8.17 103.79 111.96 NOTE
r-release-linux-x86_64 3.0 8.33 107.64 115.97 NOTE
r-release-macos-arm64 3.0 52.00 NOTE
r-release-windows-x86_64 3.0 11.00 88.00 99.00 NOTE
r-oldrel-macos-arm64 3.0 50.00 NOTE
r-oldrel-macos-x86_64 3.0 78.00 NOTE
r-oldrel-windows-x86_64 3.0 16.00 113.00 129.00 NOTE

Check Details

Version: 3.0
Check: LazyData
Result: NOTE 'LazyData' is specified without a 'data' directory Flavors: r-devel-linux-x86_64-debian-clang, r-devel-linux-x86_64-debian-gcc, r-devel-linux-x86_64-fedora-clang, r-devel-linux-x86_64-fedora-gcc, r-devel-windows-x86_64, r-patched-linux-x86_64, r-release-linux-x86_64, r-release-macos-arm64, r-release-windows-x86_64, r-oldrel-macos-arm64, r-oldrel-macos-x86_64, r-oldrel-windows-x86_64