CRAN Package Check Results for Package noncompliance

Last updated on 2019-09-23 17:47:11 CEST.

Flavor Version Tinstall Tcheck Ttotal Status Flags
r-devel-linux-x86_64-debian-clang 0.2.2 18.18 48.23 66.41 OK
r-devel-linux-x86_64-debian-gcc 0.2.2 14.87 37.32 52.19 OK
r-devel-linux-x86_64-fedora-clang 0.2.2 85.70 NOTE
r-devel-linux-x86_64-fedora-gcc 0.2.2 83.57 NOTE
r-devel-windows-ix86+x86_64 0.2.2 58.00 134.00 192.00 OK
r-patched-linux-x86_64 0.2.2 16.77 45.72 62.49 OK
r-patched-solaris-x86 0.2.2 109.20 OK
r-release-linux-x86_64 0.2.2 16.33 46.73 63.06 OK
r-release-windows-ix86+x86_64 0.2.2 57.00 123.00 180.00 OK
r-release-osx-x86_64 0.2.2 OK
r-oldrel-windows-ix86+x86_64 0.2.2 33.00 108.00 141.00 OK
r-oldrel-osx-x86_64 0.2.2 OK

Check Details

Version: 0.2.2
Check: compiled code
Result: NOTE
    File ‘noncompliance/libs/noncompliance.so’:
     Found no calls to: ‘R_registerRoutines’, ‘R_useDynamicSymbols’
    
    It is good practice to register native routines and to disable symbol
    search.
    
    See ‘Writing portable packages’ in the ‘Writing R Extensions’ manual.
Flavors: r-devel-linux-x86_64-fedora-clang, r-devel-linux-x86_64-fedora-gcc