CRAN Package Check Results for Package norMmix

Last updated on 2024-07-20 19:52:56 CEST.

Flavor Version Tinstall Tcheck Ttotal Status Flags
r-devel-linux-x86_64-debian-clang 0.1-1 4.90 71.40 76.30 OK
r-devel-linux-x86_64-debian-gcc 0.1-1 3.30 54.57 57.87 OK
r-devel-linux-x86_64-fedora-clang 0.1-1 95.04 NOTE
r-devel-linux-x86_64-fedora-gcc 0.1-1 103.96 OK
r-devel-windows-x86_64 0.1-1 6.00 95.00 101.00 NOTE
r-patched-linux-x86_64 0.1-1 4.10 71.48 75.58 OK
r-release-linux-x86_64 0.1-1 4.52 70.46 74.98 OK
r-release-macos-arm64 0.1-1 48.00 OK
r-release-macos-x86_64 0.1-1 54.00 OK
r-release-windows-x86_64 0.1-1 4.00 107.00 111.00 OK
r-oldrel-macos-arm64 0.1-1 42.00 OK
r-oldrel-macos-x86_64 0.1-1 127.00 OK
r-oldrel-windows-x86_64 0.1-1 4.00 100.00 104.00 OK

Check Details

Version: 0.1-1
Check: Rd cross-references
Result: NOTE Undeclared packages ‘compositions’, ‘mixtools’ in Rd xrefs Flavor: r-devel-linux-x86_64-fedora-clang

Version: 0.1-1
Check: Rd cross-references
Result: NOTE Found the following Rd file(s) with Rd \link{} targets missing package anchors: norMmixMLE.Rd: clara Please provide package anchors for all Rd \link{} targets not in the package itself and the base packages. Flavor: r-devel-windows-x86_64