CRAN Package Check Results for Package norm2

Last updated on 2022-01-26 04:52:46 CET.

Flavor Version Tinstall Tcheck Ttotal Status Flags
r-devel-linux-x86_64-debian-clang 2.0.4 12.85 49.19 62.04 OK
r-devel-linux-x86_64-debian-gcc 2.0.4 11.03 37.29 48.32 OK
r-devel-linux-x86_64-fedora-clang 2.0.4 79.29 NOTE
r-devel-linux-x86_64-fedora-gcc 2.0.4 67.72 NOTE
r-devel-windows-x86_64-new-UL 2.0.4 38.00 70.00 108.00 OK
r-devel-windows-x86_64-new-TK 2.0.4 OK
r-patched-linux-x86_64 2.0.4 13.17 46.46 59.63 OK
r-release-linux-x86_64 2.0.4 13.44 47.10 60.54 OK
r-release-macos-arm64 2.0.4 OK
r-release-macos-x86_64 2.0.4 OK
r-release-windows-ix86+x86_64 2.0.4 38.00 55.00 93.00 OK
r-oldrel-macos-x86_64 2.0.4 OK
r-oldrel-windows-ix86+x86_64 2.0.4 58.00 68.00 126.00 OK

Check Details

Version: 2.0.4
Check: compiled code
Result: NOTE
    File ‘norm2/libs/norm2.so’:
     Found no calls to: ‘R_registerRoutines’, ‘R_useDynamicSymbols’
    
    It is good practice to register native routines and to disable symbol
    search.
    
    See ‘Writing portable packages’ in the ‘Writing R Extensions’ manual.
Flavors: r-devel-linux-x86_64-fedora-clang, r-devel-linux-x86_64-fedora-gcc