CRAN Package Check Results for Package nos

Last updated on 2020-08-10 02:47:04 CEST.

Flavor Version Tinstall Tcheck Ttotal Status Flags
r-devel-linux-x86_64-debian-clang 1.1.0 4.73 49.68 54.41 OK
r-devel-linux-x86_64-debian-gcc 1.1.0 3.39 36.64 40.03 OK
r-devel-linux-x86_64-fedora-clang 1.1.0 69.61 NOTE
r-devel-linux-x86_64-fedora-gcc 1.1.0 61.44 OK
r-devel-windows-ix86+x86_64 1.1.0 13.00 84.00 97.00 OK
r-patched-linux-x86_64 1.1.0 4.48 48.44 52.92 OK
r-patched-solaris-x86 1.1.0 89.60 OK
r-release-linux-x86_64 1.1.0 3.96 48.43 52.39 OK
r-release-macos-x86_64 1.1.0 OK
r-release-windows-ix86+x86_64 1.1.0 16.00 55.00 71.00 OK
r-oldrel-macos-x86_64 1.1.0 OK
r-oldrel-windows-ix86+x86_64 1.1.0 10.00 82.00 92.00 OK

Check Details

Version: 1.1.0
Check: Rd cross-references
Result: NOTE
    Undeclared package ‘bipartite’ in Rd xrefs
Flavor: r-devel-linux-x86_64-fedora-clang