CRAN Package Check Results for Package nullabor

Last updated on 2021-06-18 04:48:34 CEST.

Flavor Version Tinstall Tcheck Ttotal Status Flags
r-devel-linux-x86_64-debian-clang 0.3.9 11.43 324.98 336.41 OK
r-devel-linux-x86_64-debian-gcc 0.3.9 8.78 241.06 249.84 OK
r-devel-linux-x86_64-fedora-clang 0.3.9 386.85 NOTE
r-devel-linux-x86_64-fedora-gcc 0.3.9 381.04 NOTE
r-devel-windows-x86_64 0.3.9 17.00 355.00 372.00 OK
r-devel-windows-x86_64-gcc10-UCRT 0.3.9 NOTE
r-patched-linux-x86_64 0.3.9 11.22 304.10 315.32 OK
r-patched-solaris-x86 0.3.9 495.40 NOTE
r-release-linux-x86_64 0.3.9 7.93 306.61 314.54 OK
r-release-macos-arm64 0.3.9 NOTE
r-release-macos-x86_64 0.3.9 NOTE
r-release-windows-ix86+x86_64 0.3.9 23.00 366.00 389.00 OK
r-oldrel-macos-x86_64 0.3.9 NOTE
r-oldrel-windows-ix86+x86_64 0.3.9 18.00 350.00 368.00 OK

Check Details

Version: 0.3.9
Check: dependencies in R code
Result: NOTE
    Namespaces in Imports field not imported from:
     ‘forecast’ ‘rlang’ ‘tsibble’ ‘viridis’
     All declared Imports should be used.
Flavors: r-devel-linux-x86_64-fedora-clang, r-devel-linux-x86_64-fedora-gcc, r-devel-windows-x86_64-gcc10-UCRT, r-patched-solaris-x86, r-release-macos-arm64, r-release-macos-x86_64, r-oldrel-macos-x86_64