CRAN Package Check Results for Package nycflights13

Last updated on 2022-06-26 07:53:48 CEST.

Flavor Version Tinstall Tcheck Ttotal Status Flags
r-devel-linux-x86_64-debian-clang 1.0.2 16.66 62.59 79.25 OK
r-devel-linux-x86_64-debian-gcc 1.0.2 17.93 49.73 67.66 OK
r-devel-linux-x86_64-fedora-clang 1.0.2 113.76 OK
r-devel-linux-x86_64-fedora-gcc 1.0.2 109.60 OK
r-devel-windows-x86_64 1.0.2 25.00 89.00 114.00 OK
r-patched-linux-x86_64 1.0.2 20.01 60.69 80.70 OK
r-release-linux-x86_64 1.0.2 17.69 59.89 77.58 OK
r-release-macos-arm64 1.0.2 46.00 NOTE
r-release-macos-x86_64 1.0.2 51.00 OK
r-release-windows-x86_64 1.0.2 27.00 91.00 118.00 OK
r-oldrel-macos-arm64 1.0.2 47.00 NOTE
r-oldrel-macos-x86_64 1.0.2 77.00 OK
r-oldrel-windows-ix86+x86_64 1.0.2 33.00 81.00 114.00 OK

Check Details

Version: 1.0.2
Check: installed package size
Result: NOTE
     installed size is 5.1Mb
     sub-directories of 1Mb or more:
     data 5.0Mb
Flavors: r-release-macos-arm64, r-oldrel-macos-arm64