CRAN Package Check Results for Package nzelect

Last updated on 2022-06-26 12:54:53 CEST.

Flavor Version Tinstall Tcheck Ttotal Status Flags
r-devel-linux-x86_64-debian-clang 0.4.0 12.94 69.56 82.50 OK
r-devel-linux-x86_64-debian-gcc 0.4.0 10.41 52.60 63.01 OK
r-devel-linux-x86_64-fedora-clang 0.4.0 110.43 NOTE
r-devel-linux-x86_64-fedora-gcc 0.4.0 109.42 NOTE
r-devel-windows-x86_64 0.4.0 26.00 98.00 124.00 OK
r-patched-linux-x86_64 0.4.0 11.01 66.02 77.03 OK
r-release-linux-x86_64 0.4.0 11.92 66.80 78.72 OK
r-release-macos-arm64 0.4.0 35.00 NOTE
r-release-macos-x86_64 0.4.0 56.00 NOTE
r-release-windows-x86_64 0.4.0 30.00 101.00 131.00 OK
r-oldrel-macos-arm64 0.4.0 50.00 NOTE
r-oldrel-macos-x86_64 0.4.0 62.00 NOTE
r-oldrel-windows-ix86+x86_64 0.4.0 22.00 86.00 108.00 OK

Check Details

Version: 0.4.0
Check: data for non-ASCII characters
Result: NOTE
     Note: found 6409 marked UTF-8 strings
Flavors: r-devel-linux-x86_64-fedora-clang, r-devel-linux-x86_64-fedora-gcc, r-release-macos-arm64, r-release-macos-x86_64, r-oldrel-macos-arm64, r-oldrel-macos-x86_64

Version: 0.4.0
Check: installed package size
Result: NOTE
     installed size is 5.3Mb
     sub-directories of 1Mb or more:
     data 5.0Mb
Flavors: r-release-macos-arm64, r-oldrel-macos-arm64