Last updated on 2023-01-29 08:57:07 CET.
Flavor | Version | Tinstall | Tcheck | Ttotal | Status | Flags |
---|---|---|---|---|---|---|
r-devel-linux-x86_64-debian-clang | 0.5.6 | 11.50 | 142.60 | 154.10 | OK | |
r-devel-linux-x86_64-debian-gcc | 0.5.6 | 10.22 | 99.17 | 109.39 | OK | |
r-devel-linux-x86_64-fedora-clang | 0.5.6 | 215.90 | NOTE | |||
r-devel-linux-x86_64-fedora-gcc | 0.5.6 | 226.68 | NOTE | |||
r-devel-windows-x86_64 | 0.5.6 | 34.00 | 243.00 | 277.00 | OK | |
r-patched-linux-x86_64 | 0.5.6 | 17.84 | 128.12 | 145.96 | OK | |
r-release-linux-x86_64 | 0.5.6 | 12.86 | 151.73 | 164.59 | OK | |
r-release-macos-arm64 | 0.5.6 | 463.00 | NOTE | |||
r-release-macos-x86_64 | 0.5.6 | 498.00 | NOTE | |||
r-release-windows-x86_64 | 0.5.6 | 59.00 | 242.00 | 301.00 | OK | |
r-oldrel-macos-arm64 | 0.5.6 | 469.00 | NOTE | |||
r-oldrel-macos-x86_64 | 0.5.6 | 497.00 | NOTE | |||
r-oldrel-windows-ix86+x86_64 | 0.5.6 | 33.00 | 231.00 | 264.00 | OK |
Version: 0.5.6
Check: dependencies in R code
Result: NOTE
Namespace in Imports field not imported from: ‘httr’
All declared Imports should be used.
Flavors: r-devel-linux-x86_64-fedora-clang, r-devel-linux-x86_64-fedora-gcc, r-release-macos-arm64, r-release-macos-x86_64, r-oldrel-macos-arm64, r-oldrel-macos-x86_64
Version: 0.5.6
Check: data for non-ASCII characters
Result: NOTE
Note: found 7 marked UTF-8 strings
Flavors: r-devel-linux-x86_64-fedora-clang, r-devel-linux-x86_64-fedora-gcc, r-release-macos-arm64, r-release-macos-x86_64, r-oldrel-macos-arm64, r-oldrel-macos-x86_64