CRAN Package Check Results for Package oceanic

Last updated on 2023-05-31 23:27:26 CEST.

Flavor Version Tinstall Tcheck Ttotal Status Flags
r-devel-linux-x86_64-debian-clang 0.1.6 10.14 79.90 90.04 OK
r-devel-linux-x86_64-debian-gcc 0.1.6 8.38 59.71 68.09 OK
r-devel-linux-x86_64-fedora-clang 0.1.6 110.91 NOTE
r-devel-linux-x86_64-fedora-gcc 0.1.6 101.63 NOTE
r-devel-windows-x86_64 0.1.6 10.00 74.00 84.00 OK
r-patched-linux-x86_64 0.1.6 OK
r-release-linux-x86_64 0.1.6 6.56 74.45 81.01 OK
r-release-macos-arm64 0.1.6 34.00 OK
r-release-macos-x86_64 0.1.5 82.00 OK
r-release-windows-x86_64 0.1.6 14.00 79.00 93.00 OK
r-oldrel-macos-arm64 0.1.6 35.00 OK
r-oldrel-macos-x86_64 0.1.6 45.00 OK
r-oldrel-windows-x86_64 0.1.6 12.00 83.00 95.00 OK

Check Details

Version: 0.1.6
Check: data for non-ASCII characters
Result: NOTE
     Note: found 1242 marked UTF-8 strings
Flavors: r-devel-linux-x86_64-fedora-clang, r-devel-linux-x86_64-fedora-gcc