CRAN Package Check Results for Package oddsapiR

Last updated on 2022-10-05 20:55:06 CEST.

Flavor Version Tinstall Tcheck Ttotal Status Flags
r-devel-linux-x86_64-debian-clang 0.0.1 7.36 67.60 74.96 OK
r-devel-linux-x86_64-debian-gcc 0.0.1 5.90 50.53 56.43 OK
r-devel-linux-x86_64-fedora-clang 0.0.1 102.40 NOTE
r-devel-linux-x86_64-fedora-gcc 0.0.1 97.34 NOTE
r-devel-windows-x86_64 0.0.1 18.00 88.00 106.00 OK
r-patched-linux-x86_64 0.0.1 5.85 62.41 68.26 OK
r-release-linux-x86_64 0.0.1 7.46 61.39 68.85 OK
r-release-macos-arm64 0.0.1 29.00 NOTE
r-release-macos-x86_64 0.0.1 39.00 NOTE
r-release-windows-x86_64 0.0.1 15.00 87.00 102.00 OK
r-oldrel-macos-arm64 0.0.1 26.00 NOTE
r-oldrel-macos-x86_64 0.0.1 39.00 NOTE
r-oldrel-windows-ix86+x86_64 0.0.1 19.00 86.00 105.00 OK

Check Details

Version: 0.0.1
Check: data for non-ASCII characters
Result: NOTE
     Note: found 4 marked UTF-8 strings
Flavors: r-devel-linux-x86_64-fedora-clang, r-devel-linux-x86_64-fedora-gcc, r-release-macos-arm64, r-release-macos-x86_64, r-oldrel-macos-arm64, r-oldrel-macos-x86_64