CRAN Package Check Results for Package odin

Last updated on 2022-10-07 23:08:42 CEST.

Flavor Version Tinstall Tcheck Ttotal Status Flags
r-devel-linux-x86_64-debian-clang 1.2.4 9.81 145.26 155.07 OK
r-devel-linux-x86_64-debian-gcc 1.2.4 8.11 104.90 113.01 OK
r-devel-linux-x86_64-fedora-clang 1.2.4 197.77 OK
r-devel-linux-x86_64-fedora-gcc 1.2.4 197.96 OK
r-devel-windows-x86_64 1.2.4 54.00 221.00 275.00 OK
r-patched-linux-x86_64 1.2.4 9.89 133.63 143.52 OK
r-release-linux-x86_64 1.2.4 11.87 131.37 143.24 OK
r-release-macos-arm64 1.2.4 80.00 OK
r-release-macos-x86_64 1.2.4 92.00 OK
r-release-windows-x86_64 1.2.4 50.00 217.00 267.00 OK
r-oldrel-macos-arm64 1.2.4 68.00 OK
r-oldrel-macos-x86_64 1.2.4 112.00 OK
r-oldrel-windows-ix86+x86_64 1.2.4 19.00 202.00 221.00 WARN

Check Details

Version: 1.2.4
Check: for unstated dependencies in ‘tests’
Result: WARN
    Warning: unable to access index for repository https://bioconductor.org/packages/3.14/bioc/src/contrib:
     cannot open URL 'https://bioconductor.org/packages/3.14/bioc/src/contrib/PACKAGES'
    Warning: unable to access index for repository https://bioconductor.org/packages/3.14/data/annotation/src/contrib:
     cannot open URL 'https://bioconductor.org/packages/3.14/data/annotation/src/contrib/PACKAGES'
    Warning: unable to access index for repository https://bioconductor.org/packages/3.14/data/experiment/src/contrib:
     cannot open URL 'https://bioconductor.org/packages/3.14/data/experiment/src/contrib/PACKAGES'
    'library' or 'require' call not declared from: 'name'
Flavor: r-oldrel-windows-ix86+x86_64