CRAN Package Check Results for Package oncoPredict

Last updated on 2024-07-21 01:55:16 CEST.

Flavor Version Tinstall Tcheck Ttotal Status Flags
r-devel-linux-x86_64-debian-clang 1.2 61.41 715.99 777.40 OK
r-devel-linux-x86_64-debian-gcc 1.2 53.88 528.87 582.75 OK
r-devel-linux-x86_64-fedora-clang 1.2 1021.68 OK
r-devel-linux-x86_64-fedora-gcc 1.2 801.42 OK
r-devel-windows-x86_64 1.2 54.00 447.00 501.00 OK
r-patched-linux-x86_64 1.2 60.31 678.48 738.79 OK
r-release-linux-x86_64 1.2 57.20 679.47 736.67 OK
r-release-macos-arm64 1.2 5.00 ERROR
r-release-macos-x86_64 1.2 12.00 ERROR
r-release-windows-x86_64 1.2 55.00 460.00 515.00 OK
r-oldrel-macos-arm64 1.2 11.00 ERROR
r-oldrel-macos-x86_64 1.2 12.00 ERROR
r-oldrel-windows-x86_64 1.2 72.00 603.00 675.00 OK

Check Details

Version: 1.2
Check: package dependencies
Result: ERROR Packages required but not available: 'TxDb.Hsapiens.UCSC.hg19.knownGene', 'TCGAbiolinks' See section ‘The DESCRIPTION file’ in the ‘Writing R Extensions’ manual. Flavors: r-release-macos-arm64, r-release-macos-x86_64

Version: 1.2
Check: package dependencies
Result: ERROR Package required but not available: ‘TCGAbiolinks’ See section ‘The DESCRIPTION file’ in the ‘Writing R Extensions’ manual. Flavors: r-oldrel-macos-arm64, r-oldrel-macos-x86_64