CRAN Package Check Results for Package onlineforecast

Last updated on 2022-01-27 14:54:08 CET.

Flavor Version Tinstall Tcheck Ttotal Status Flags
r-devel-linux-x86_64-debian-clang 1.0.0 52.12 398.56 450.68 OK
r-devel-linux-x86_64-debian-gcc 1.0.0 35.88 282.90 318.78 OK
r-devel-linux-x86_64-fedora-clang 1.0.0 534.61 OK
r-devel-linux-x86_64-fedora-gcc 1.0.0 517.00 OK
r-devel-windows-x86_64-new-UL 1.0.0 194.00 634.00 828.00 OK
r-devel-windows-x86_64-new-TK 1.0.0 OK
r-patched-linux-x86_64 1.0.0 43.68 352.69 396.37 OK
r-release-linux-x86_64 1.0.0 42.98 353.65 396.63 OK
r-release-macos-arm64 1.0.0 NOTE
r-release-macos-x86_64 1.0.0 NOTE
r-release-windows-ix86+x86_64 1.0.0 113.00 452.00 565.00 NOTE
r-oldrel-macos-x86_64 1.0.0 NOTE
r-oldrel-windows-ix86+x86_64 1.0.0 112.00 469.00 581.00 NOTE

Check Details

Version: 1.0.0
Check: installed package size
Result: NOTE
     installed size is 5.8Mb
     sub-directories of 1Mb or more:
     doc 3.2Mb
     libs 2.0Mb
Flavors: r-release-macos-arm64, r-release-macos-x86_64, r-release-windows-ix86+x86_64, r-oldrel-macos-x86_64, r-oldrel-windows-ix86+x86_64