CRAN Package Check Results for Package openCR

Last updated on 2022-12-03 18:56:04 CET.

Flavor Version Tinstall Tcheck Ttotal Status Flags
r-devel-linux-x86_64-debian-clang 2.2.5 191.95 518.17 710.12 NOTE
r-devel-linux-x86_64-debian-gcc 2.2.5 140.15 385.96 526.11 NOTE
r-devel-linux-x86_64-fedora-clang 2.2.5 979.15 NOTE
r-devel-linux-x86_64-fedora-gcc 2.2.5 937.64 NOTE
r-devel-windows-x86_64 2.2.5 307.00 542.00 849.00 NOTE
r-patched-linux-x86_64 2.2.5 150.67 506.39 657.06 NOTE
r-release-linux-x86_64 2.2.5 145.00 508.96 653.96 NOTE
r-release-macos-arm64 2.2.5 211.00 NOTE
r-release-macos-x86_64 2.2.5 257.00 NOTE
r-release-windows-x86_64 2.2.5 189.00 585.00 774.00 NOTE
r-oldrel-macos-arm64 2.2.5 194.00 NOTE
r-oldrel-macos-x86_64 2.2.5 248.00 NOTE
r-oldrel-windows-ix86+x86_64 2.2.5 433.00 726.00 1159.00 NOTE

Check Details

Version: 2.2.5
Check: for GNU extensions in Makefiles
Result: NOTE
    GNU make is a SystemRequirements.
Flavors: r-devel-linux-x86_64-debian-clang, r-devel-linux-x86_64-debian-gcc, r-devel-linux-x86_64-fedora-clang, r-devel-linux-x86_64-fedora-gcc, r-devel-windows-x86_64, r-patched-linux-x86_64, r-release-linux-x86_64, r-release-macos-arm64, r-release-macos-x86_64, r-release-windows-x86_64, r-oldrel-macos-arm64, r-oldrel-macos-x86_64, r-oldrel-windows-ix86+x86_64

Version: 2.2.5
Check: installed package size
Result: NOTE
     installed size is 6.4Mb
     sub-directories of 1Mb or more:
     exampledata 1.5Mb
     libs 3.6Mb
Flavors: r-release-macos-arm64, r-release-macos-x86_64, r-oldrel-macos-arm64, r-oldrel-macos-x86_64, r-oldrel-windows-ix86+x86_64