CRAN Package Check Results for Package openEBGM

Last updated on 2024-05-26 03:00:06 CEST.

Flavor Version Tinstall Tcheck Ttotal Status Flags
r-devel-linux-x86_64-debian-clang 0.9.1 6.44 228.94 235.38 NOTE
r-devel-linux-x86_64-debian-gcc 0.9.1 6.65 165.85 172.50 NOTE
r-devel-linux-x86_64-fedora-clang 0.9.1 305.69 NOTE
r-devel-linux-x86_64-fedora-gcc 0.9.1 299.96 NOTE
r-devel-windows-x86_64 0.9.1 9.00 263.00 272.00 NOTE
r-patched-linux-x86_64 0.9.1 9.05 230.99 240.04 NOTE
r-release-linux-x86_64 0.9.1 7.56 232.21 239.77 NOTE
r-release-macos-arm64 0.9.1 83.00 NOTE
r-release-windows-x86_64 0.9.1 9.00 261.00 270.00 NOTE
r-oldrel-macos-arm64 0.9.1 114.00 OK
r-oldrel-macos-x86_64 0.9.1 268.00 OK
r-oldrel-windows-x86_64 0.9.1 12.00 278.00 290.00 OK

Check Details

Version: 0.9.1
Check: Rd files
Result: NOTE checkRd: (-1) Qn.Rd:32-33: Lost braces in \itemize; meant \describe ? checkRd: (-1) Qn.Rd:34-35: Lost braces in \itemize; meant \describe ? checkRd: (-1) Qn.Rd:36: Lost braces in \itemize; meant \describe ? checkRd: (-1) autoHyper.Rd:64-67: Lost braces in \itemize; \value handles \item{}{} directly checkRd: (-1) autoHyper.Rd:68-69: Lost braces in \itemize; \value handles \item{}{} directly checkRd: (-1) autoHyper.Rd:70-71: Lost braces in \itemize; \value handles \item{}{} directly checkRd: (-1) autoHyper.Rd:72-74: Lost braces in \itemize; \value handles \item{}{} directly checkRd: (-1) autoHyper.Rd:75-77: Lost braces in \itemize; \value handles \item{}{} directly checkRd: (-1) ebScores.Rd:24: Lost braces in \itemize; \value handles \item{}{} directly checkRd: (-1) ebScores.Rd:25-26: Lost braces in \itemize; \value handles \item{}{} directly checkRd: (-1) ebScores.Rd:27: Lost braces in \itemize; \value handles \item{}{} directly checkRd: (-1) ebgm.Rd:40-41: Lost braces in \itemize; meant \describe ? checkRd: (-1) ebgm.Rd:42-43: Lost braces in \itemize; meant \describe ? checkRd: (-1) ebgm.Rd:44: Lost braces in \itemize; meant \describe ? checkRd: (-1) exploreHypers.Rd:54-56: Lost braces in \itemize; \value handles \item{}{} directly checkRd: (-1) exploreHypers.Rd:57-58: Lost braces in \itemize; \value handles \item{}{} directly checkRd: (-1) exploreHypers.Rd:59-62: Lost braces in \itemize; \value handles \item{}{} directly checkRd: (-1) exploreHypers.Rd:63-64: Lost braces in \itemize; \value handles \item{}{} directly checkRd: (-1) hyperEM.Rd:89-90: Lost braces in \itemize; \value handles \item{}{} directly checkRd: (-1) hyperEM.Rd:91-93: Lost braces in \itemize; \value handles \item{}{} directly checkRd: (-1) hyperEM.Rd:94-95: Lost braces in \itemize; \value handles \item{}{} directly checkRd: (-1) hyperEM.Rd:96: Lost braces in \itemize; \value handles \item{}{} directly checkRd: (-1) hyperEM.Rd:97: Lost braces in \itemize; \value handles \item{}{} directly checkRd: (-1) hyperEM.Rd:98: Lost braces in \itemize; \value handles \item{}{} directly checkRd: (-1) hyperEM.Rd:99-100: Lost braces in \itemize; \value handles \item{}{} directly checkRd: (-1) hyperEM.Rd:101-102: Lost braces in \itemize; \value handles \item{}{} directly checkRd: (-1) hyperEM.Rd:103-105: Lost braces in \itemize; \value handles \item{}{} directly checkRd: (-1) negLL.Rd:44-45: Lost braces in \itemize; meant \describe ? checkRd: (-1) negLL.Rd:46: Lost braces in \itemize; meant \describe ? checkRd: (-1) negLL.Rd:47: Lost braces in \itemize; meant \describe ? checkRd: (-1) negLLsquash.Rd:45-46: Lost braces in \itemize; meant \describe ? checkRd: (-1) negLLsquash.Rd:47: Lost braces in \itemize; meant \describe ? checkRd: (-1) negLLsquash.Rd:48: Lost braces in \itemize; meant \describe ? checkRd: (-1) negLLzero.Rd:37-38: Lost braces in \itemize; meant \describe ? checkRd: (-1) negLLzero.Rd:39: Lost braces in \itemize; meant \describe ? checkRd: (-1) negLLzero.Rd:40: Lost braces in \itemize; meant \describe ? checkRd: (-1) negLLzeroSquash.Rd:41-42: Lost braces in \itemize; meant \describe ? checkRd: (-1) negLLzeroSquash.Rd:43: Lost braces in \itemize; meant \describe ? checkRd: (-1) negLLzeroSquash.Rd:44: Lost braces in \itemize; meant \describe ? checkRd: (-1) quantBisect.Rd:55-56: Lost braces in \itemize; meant \describe ? checkRd: (-1) quantBisect.Rd:57-58: Lost braces in \itemize; meant \describe ? checkRd: (-1) quantBisect.Rd:59: Lost braces in \itemize; meant \describe ? Flavors: r-devel-linux-x86_64-debian-clang, r-devel-linux-x86_64-debian-gcc, r-devel-linux-x86_64-fedora-clang, r-devel-linux-x86_64-fedora-gcc, r-devel-windows-x86_64, r-patched-linux-x86_64, r-release-linux-x86_64, r-release-macos-arm64, r-release-windows-x86_64