CRAN Package Check Results for Package opencv

Last updated on 2019-09-24 08:50:54 CEST.

Flavor Version Tinstall Tcheck Ttotal Status Flags
r-devel-linux-x86_64-debian-clang 0.1 65.17 74.80 139.97 OK
r-devel-linux-x86_64-debian-gcc 0.1 48.39 28.57 76.96 OK
r-devel-linux-x86_64-fedora-gcc 0.1 173.28 OK
r-devel-windows-ix86+x86_64 0.1 305.00 135.00 440.00 NOTE
r-patched-linux-x86_64 0.1 56.61 74.32 130.93 OK
r-release-linux-x86_64 0.1 56.44 74.52 130.96 OK
r-release-windows-ix86+x86_64 0.1 307.00 131.00 438.00 NOTE
r-release-osx-x86_64 0.1 NOTE
r-oldrel-windows-ix86+x86_64 0.1 223.00 105.00 328.00 NOTE
r-oldrel-osx-x86_64 0.1 NOTE

Check Details

Version: 0.1
Check: installed package size
Result: NOTE
     installed size is 29.8Mb
     sub-directories of 1Mb or more:
     libs 20.0Mb
     share 9.7Mb
Flavors: r-devel-windows-ix86+x86_64, r-release-windows-ix86+x86_64, r-release-osx-x86_64, r-oldrel-windows-ix86+x86_64, r-oldrel-osx-x86_64