CRAN Package Check Results for Package opencv

Last updated on 2020-06-01 12:47:17 CEST.

Flavor Version Tinstall Tcheck Ttotal Status Flags
r-devel-linux-x86_64-debian-clang 0.1 84.01 67.18 151.19 OK
r-devel-linux-x86_64-debian-gcc 0.1 66.44 30.22 96.66 OK
r-devel-linux-x86_64-fedora-gcc 0.1 172.45 OK
r-devel-windows-ix86+x86_64 0.1 268.00 116.00 384.00 NOTE
r-patched-linux-x86_64 0.1 65.70 39.89 105.59 OK
r-release-linux-x86_64 0.1 64.47 40.73 105.20 OK
r-release-osx-x86_64 0.1 NOTE
r-release-windows-ix86+x86_64 0.1 219.00 127.00 346.00 NOTE
r-oldrel-osx-x86_64 0.1 NOTE
r-oldrel-windows-ix86+x86_64 0.1 287.00 115.00 402.00 NOTE

Check Details

Version: 0.1
Check: installed package size
Result: NOTE
     installed size is 29.6Mb
     sub-directories of 1Mb or more:
     libs 19.8Mb
     share 9.7Mb
Flavors: r-devel-windows-ix86+x86_64, r-release-osx-x86_64, r-release-windows-ix86+x86_64, r-oldrel-osx-x86_64, r-oldrel-windows-ix86+x86_64