CRAN Package Check Results for Package openssl

Last updated on 2024-06-12 20:59:06 CEST.

Flavor Version Tinstall Tcheck Ttotal Status Flags
r-devel-linux-x86_64-debian-clang 2.2.0 19.00 65.10 84.10 OK
r-devel-linux-x86_64-debian-gcc 2.2.0 11.31 37.68 48.99 ERROR
r-devel-linux-x86_64-fedora-clang 2.2.0 120.83 OK
r-devel-linux-x86_64-fedora-gcc 2.2.0 124.47 OK
r-devel-windows-x86_64 2.2.0 48.00 130.00 178.00 NOTE
r-patched-linux-x86_64 2.2.0 15.77 62.12 77.89 OK
r-release-linux-x86_64 2.2.0 13.66 61.39 75.05 OK
r-release-macos-arm64 2.2.0 53.00 NOTE
r-release-macos-x86_64 2.2.0 61.00 ERROR
r-release-windows-x86_64 2.2.0 50.00 137.00 187.00 NOTE
r-oldrel-macos-arm64 2.2.0 57.00 NOTE
r-oldrel-macos-x86_64 2.2.0 102.00 NOTE
r-oldrel-windows-x86_64 2.2.0 54.00 150.00 204.00 NOTE

Check Details

Version: 2.2.0
Check: package dependencies
Result: NOTE Package suggested but not available for checking: ‘testthat’ Flavor: r-devel-linux-x86_64-debian-gcc

Version: 2.2.0
Check: tests
Result: ERROR Running ‘engine.R’ [0s/1s] Comparing ‘engine.Rout’ to ‘engine.Rout.save’ ...4d3 < Linking to: OpenSSL 3.2.2-dev Running ‘testthat.R’ [0s/0s] Running the tests in ‘tests/testthat.R’ failed. Complete output: > library(testthat) Error in library(testthat) : there is no package called 'testthat' Execution halted Flavor: r-devel-linux-x86_64-debian-gcc

Version: 2.2.0
Check: installed package size
Result: NOTE installed size is 8.3Mb sub-directories of 1Mb or more: doc 2.6Mb libs 5.2Mb Flavors: r-devel-windows-x86_64, r-release-macos-arm64, r-release-macos-x86_64, r-release-windows-x86_64, r-oldrel-macos-arm64, r-oldrel-macos-x86_64, r-oldrel-windows-x86_64

Version: 2.2.0
Check: re-building of vignette outputs
Result: ERROR Error(s) in re-building vignettes: --- re-building ‘bignum.Rmd’ using rmarkdown Error: processing vignette 'bignum.Rmd' failed with diagnostics: there is no package called ‘sass’ --- failed re-building ‘bignum.Rmd’ --- re-building ‘crypto_hashing.Rmd’ using rmarkdown Error: processing vignette 'crypto_hashing.Rmd' failed with diagnostics: there is no package called ‘sass’ --- failed re-building ‘crypto_hashing.Rmd’ --- re-building ‘keys.Rmd’ using rmarkdown Error: processing vignette 'keys.Rmd' failed with diagnostics: there is no package called ‘sass’ --- failed re-building ‘keys.Rmd’ --- re-building ‘secure_rng.Rmd’ using rmarkdown Error: processing vignette 'secure_rng.Rmd' failed with diagnostics: there is no package called ‘sass’ --- failed re-building ‘secure_rng.Rmd’ SUMMARY: processing the following files failed: ‘bignum.Rmd’ ‘crypto_hashing.Rmd’ ‘keys.Rmd’ ‘secure_rng.Rmd’ Error: Vignette re-building failed. Execution halted Flavor: r-release-macos-x86_64