CRAN Package Check Results for Package ordBTL

Last updated on 2019-09-23 05:46:58 CEST.

Flavor Version Tinstall Tcheck Ttotal Status Flags
r-devel-linux-x86_64-debian-clang 0.8 12.58 135.01 147.59 NOTE
r-devel-linux-x86_64-debian-gcc 0.8 11.08 101.05 112.13 NOTE
r-devel-linux-x86_64-fedora-clang 0.8 169.74 NOTE
r-devel-linux-x86_64-fedora-gcc 0.8 172.08 NOTE
r-devel-windows-ix86+x86_64 0.8 45.00 198.00 243.00 NOTE
r-patched-linux-x86_64 0.8 11.27 127.82 139.09 NOTE
r-patched-solaris-x86 0.8 268.50 NOTE
r-release-linux-x86_64 0.8 13.36 127.95 141.31 NOTE
r-release-windows-ix86+x86_64 0.8 47.00 193.00 240.00 NOTE
r-release-osx-x86_64 0.8 NOTE
r-oldrel-windows-ix86+x86_64 0.8 13.00 133.00 146.00 NOTE
r-oldrel-osx-x86_64 0.8 NOTE

Check Details

Version: 0.8
Check: R code for possible problems
Result: NOTE
    BTLboost: no visible global function definition for 'as.formula'
    design: no visible global function definition for 'as.formula'
    wide2long: no visible global function definition for 'reshape'
    Undefined global functions or variables:
     as.formula reshape
    Consider adding
     importFrom("stats", "as.formula", "reshape")
    to your NAMESPACE file.
Flavors: r-devel-linux-x86_64-debian-clang, r-devel-linux-x86_64-debian-gcc, r-devel-linux-x86_64-fedora-clang, r-devel-linux-x86_64-fedora-gcc, r-devel-windows-ix86+x86_64, r-patched-linux-x86_64, r-patched-solaris-x86, r-release-linux-x86_64, r-release-windows-ix86+x86_64, r-release-osx-x86_64, r-oldrel-windows-ix86+x86_64, r-oldrel-osx-x86_64