CRAN Package Check Results for Package ordBTL

Last updated on 2020-02-19 22:57:25 CET.

Flavor Version Tinstall Tcheck Ttotal Status Flags
r-devel-linux-x86_64-debian-clang 0.8 13.18 157.74 170.92 NOTE
r-devel-linux-x86_64-debian-gcc 0.8 12.15 114.32 126.47 NOTE
r-devel-linux-x86_64-fedora-clang 0.8 204.41 NOTE
r-devel-linux-x86_64-fedora-gcc 0.8 199.48 NOTE
r-devel-windows-ix86+x86_64 0.8 34.00 149.00 183.00 NOTE
r-devel-windows-ix86+x86_64-gcc8 0.8 49.00 206.00 255.00 NOTE
r-patched-linux-x86_64 0.8 11.38 134.26 145.64 NOTE
r-patched-solaris-x86 0.8 281.70 NOTE
r-release-linux-x86_64 0.8 11.51 135.31 146.82 NOTE
r-release-windows-ix86+x86_64 0.8 30.00 143.00 173.00 NOTE
r-release-osx-x86_64 0.8 NOTE
r-oldrel-windows-ix86+x86_64 0.8 18.00 141.00 159.00 NOTE
r-oldrel-osx-x86_64 0.8 NOTE

Check Details

Version: 0.8
Check: R code for possible problems
Result: NOTE
    BTLboost: no visible global function definition for 'as.formula'
    design: no visible global function definition for 'as.formula'
    wide2long: no visible global function definition for 'reshape'
    Undefined global functions or variables:
     as.formula reshape
    Consider adding
     importFrom("stats", "as.formula", "reshape")
    to your NAMESPACE file.
Flavors: r-devel-linux-x86_64-debian-clang, r-devel-linux-x86_64-debian-gcc, r-devel-linux-x86_64-fedora-clang, r-devel-linux-x86_64-fedora-gcc, r-devel-windows-ix86+x86_64, r-devel-windows-ix86+x86_64-gcc8, r-patched-linux-x86_64, r-patched-solaris-x86, r-release-linux-x86_64, r-release-windows-ix86+x86_64, r-release-osx-x86_64, r-oldrel-windows-ix86+x86_64, r-oldrel-osx-x86_64