CRAN Package Check Results for Package ordinalLBM

Last updated on 2019-09-18 17:46:29 CEST.

Flavor Version Tinstall Tcheck Ttotal Status Flags
r-devel-linux-x86_64-debian-clang 1.0 2.04 22.01 24.05 OK
r-devel-linux-x86_64-debian-gcc 1.0 1.95 17.46 19.41 OK
r-devel-linux-x86_64-fedora-clang 1.0 30.65 NOTE
r-devel-linux-x86_64-fedora-gcc 1.0 29.25 NOTE
r-devel-windows-ix86+x86_64 1.0 8.00 33.00 41.00 OK
r-patched-linux-x86_64 1.0 1.62 21.43 23.05 OK
r-patched-solaris-x86 1.0 45.90 NOTE
r-release-linux-x86_64 1.0 1.73 21.80 23.53 OK
r-release-windows-ix86+x86_64 1.0 5.00 46.00 51.00 OK
r-release-osx-x86_64 1.0 NOTE
r-oldrel-windows-ix86+x86_64 1.0 3.00 37.00 40.00 OK
r-oldrel-osx-x86_64 1.0 NOTE

Check Details

Version: 1.0
Check: dependencies in R code
Result: NOTE
    Namespace in Imports field not imported from: ‘reshape2’
     All declared Imports should be used.
Flavors: r-devel-linux-x86_64-fedora-clang, r-devel-linux-x86_64-fedora-gcc, r-patched-solaris-x86, r-release-osx-x86_64, r-oldrel-osx-x86_64