CRAN Package Check Results for Package org

Last updated on 2019-07-22 07:50:09 CEST.

Flavor Version Tinstall Tcheck Ttotal Status Flags
r-devel-linux-x86_64-debian-clang 2019.4.2 1.51 20.12 21.63 NOTE
r-devel-linux-x86_64-debian-gcc 2019.4.2 1.30 16.70 18.00 NOTE
r-devel-linux-x86_64-fedora-clang 2019.4.2 26.93 OK
r-devel-linux-x86_64-fedora-gcc 2019.4.2 26.21 OK
r-devel-windows-ix86+x86_64 2019.4.2 4.00 44.00 48.00 NOTE
r-patched-linux-x86_64 2019.4.2 1.57 19.62 21.19 OK
r-patched-solaris-x86 2019.4.2 45.40 OK
r-release-linux-x86_64 2019.4.2 1.44 19.97 21.41 OK
r-release-windows-ix86+x86_64 2019.4.2 4.00 33.00 37.00 OK
r-release-osx-x86_64 2019.4.2 OK
r-oldrel-windows-ix86+x86_64 2019.4.2 4.00 43.00 47.00 OK
r-oldrel-osx-x86_64 2019.4.2 OK

Check Details

Version: 2019.4.2
Check: package vignettes
Result: NOTE
    Package vignette with placeholder title 'Vignette Title':
     'intro.Rmd'
Flavors: r-devel-linux-x86_64-debian-clang, r-devel-linux-x86_64-debian-gcc, r-devel-windows-ix86+x86_64