CRAN Package Check Results for Package org

Last updated on 2019-11-14 02:51:35 CET.

Flavor Version Tinstall Tcheck Ttotal Status Flags
r-devel-linux-x86_64-debian-clang 2019.4.2 1.54 20.58 22.12 NOTE
r-devel-linux-x86_64-debian-gcc 2019.4.2 1.52 16.81 18.33 NOTE
r-devel-linux-x86_64-fedora-clang 2019.4.2 28.85 OK
r-devel-linux-x86_64-fedora-gcc 2019.4.2 28.76 OK
r-devel-windows-ix86+x86_64 2019.4.2 8.00 39.00 47.00 NOTE
r-patched-linux-x86_64 2019.4.2 1.33 20.35 21.68 OK
r-patched-solaris-x86 2019.4.2 44.40 OK
r-release-linux-x86_64 2019.4.2 1.40 20.41 21.81 OK
r-release-windows-ix86+x86_64 2019.4.2 9.00 50.00 59.00 OK
r-release-osx-x86_64 2019.4.2 OK
r-oldrel-windows-ix86+x86_64 2019.4.2 3.00 49.00 52.00 OK
r-oldrel-osx-x86_64 2019.4.2 OK

Check Details

Version: 2019.4.2
Check: package vignettes
Result: NOTE
    Package vignette with placeholder title 'Vignette Title':
     'intro.Rmd'
Flavors: r-devel-linux-x86_64-debian-clang, r-devel-linux-x86_64-debian-gcc, r-devel-windows-ix86+x86_64