CRAN Package Check Results for Package oro.nifti

Last updated on 2022-05-26 12:53:46 CEST.

Flavor Version Tinstall Tcheck Ttotal Status Flags
r-devel-linux-x86_64-debian-clang 0.11.1 18.52 118.92 137.44 OK
r-devel-linux-x86_64-debian-gcc 0.11.1 14.91 99.01 113.92 OK
r-devel-linux-x86_64-fedora-clang 0.11.1 166.67 NOTE
r-devel-linux-x86_64-fedora-gcc 0.11.1 151.85 OK
r-devel-windows-x86_64 0.11.1 331.00 141.00 472.00 NOTE
r-patched-linux-x86_64 0.11.1 21.78 113.90 135.68 OK
r-release-linux-x86_64 0.11.1 OK
r-release-macos-arm64 0.11.1 54.00 NOTE
r-release-macos-x86_64 0.11.1 64.00 NOTE
r-release-windows-x86_64 0.11.1 322.00 139.00 461.00 NOTE
r-oldrel-macos-arm64 0.11.1 61.00 NOTE
r-oldrel-macos-x86_64 0.11.1 84.00 NOTE
r-oldrel-windows-ix86+x86_64 0.11.1 37.00 137.00 174.00 NOTE

Check Details

Version: 0.11.1
Check: installed package size
Result: NOTE
     installed size is 6.7Mb
     sub-directories of 1Mb or more:
     R 1.0Mb
     nifti 3.8Mb
Flavors: r-devel-linux-x86_64-fedora-clang, r-devel-windows-x86_64, r-release-macos-arm64, r-release-macos-x86_64, r-release-windows-x86_64, r-oldrel-macos-arm64, r-oldrel-macos-x86_64, r-oldrel-windows-ix86+x86_64