Last updated on 2023-03-29 08:53:46 CEST.
Flavor | Version | Tinstall | Tcheck | Ttotal | Status | Flags |
---|---|---|---|---|---|---|
r-devel-linux-x86_64-debian-clang | 0.6.5 | 293.96 | 118.91 | 412.87 | NOTE | |
r-devel-linux-x86_64-debian-gcc | 0.6.5 | 223.64 | 91.94 | 315.58 | NOTE | |
r-devel-linux-x86_64-fedora-clang | 0.6.5 | 586.88 | NOTE | |||
r-devel-linux-x86_64-fedora-gcc | 0.6.5 | 519.67 | NOTE | |||
r-devel-windows-x86_64 | 0.6.5 | 215.00 | 0.00 | 215.00 | NOTE | |
r-patched-linux-x86_64 | 0.6.5 | 230.91 | 116.34 | 347.25 | NOTE | |
r-release-linux-x86_64 | 0.6.5 | 241.31 | 127.61 | 368.92 | OK | |
r-release-macos-arm64 | 0.6.5 | 157.00 | NOTE | |||
r-release-macos-x86_64 | 0.6.5 | 220.00 | NOTE | |||
r-release-windows-x86_64 | 0.6.5 | 198.00 | 161.00 | 359.00 | OK | |
r-oldrel-macos-arm64 | 0.6.5 | 132.00 | NOTE | |||
r-oldrel-macos-x86_64 | 0.6.5 | 170.00 | NOTE | |||
r-oldrel-windows-ix86+x86_64 | 0.6.5 | 636.00 | 191.00 | 827.00 | OK |
Version: 0.6.5
Check: C++ specification
Result: NOTE
Specified C++11: please drop specification unless essential
Flavors: r-devel-linux-x86_64-debian-clang, r-devel-linux-x86_64-debian-gcc, r-devel-linux-x86_64-fedora-clang, r-devel-linux-x86_64-fedora-gcc, r-devel-windows-x86_64, r-patched-linux-x86_64
Version: 0.6.5
Check: installed package size
Result: NOTE
installed size is 9.9Mb
sub-directories of 1Mb or more:
libs 9.6Mb
Flavors: r-release-macos-arm64, r-release-macos-x86_64, r-oldrel-macos-arm64, r-oldrel-macos-x86_64