Last updated on 2022-06-27 18:49:08 CEST.
Flavor | Version | Tinstall | Tcheck | Ttotal | Status | Flags |
---|---|---|---|---|---|---|
r-devel-linux-x86_64-debian-clang | 0.2.8 | 7.59 | 68.38 | 75.97 | NOTE | |
r-devel-linux-x86_64-debian-gcc | 0.2.8 | 4.72 | 51.11 | 55.83 | NOTE | |
r-devel-linux-x86_64-fedora-clang | 0.2.8 | 97.30 | NOTE | |||
r-devel-linux-x86_64-fedora-gcc | 0.2.8 | 95.90 | NOTE | |||
r-devel-windows-x86_64 | 0.2.8 | 25.00 | 99.00 | 124.00 | NOTE | |
r-patched-linux-x86_64 | 0.2.8 | 7.18 | 63.65 | 70.83 | NOTE | |
r-release-linux-x86_64 | 0.2.8 | 4.84 | 64.75 | 69.59 | NOTE | |
r-release-macos-arm64 | 0.2.8 | 27.00 | NOTE | |||
r-release-macos-x86_64 | 0.2.8 | 43.00 | NOTE | |||
r-release-windows-x86_64 | 0.2.8 | 31.00 | 96.00 | 127.00 | NOTE | |
r-oldrel-macos-arm64 | 0.2.8 | 32.00 | NOTE | |||
r-oldrel-macos-x86_64 | 0.2.8 | 50.00 | NOTE | |||
r-oldrel-windows-ix86+x86_64 | 0.2.8 | 18.00 | 81.00 | 99.00 | NOTE |
Version: 0.2.8
Check: LazyData
Result: NOTE
'LazyData' is specified without a 'data' directory
Flavors: r-devel-linux-x86_64-debian-clang, r-devel-linux-x86_64-debian-gcc, r-devel-linux-x86_64-fedora-clang, r-devel-linux-x86_64-fedora-gcc, r-devel-windows-x86_64, r-patched-linux-x86_64, r-release-linux-x86_64, r-release-macos-arm64, r-release-macos-x86_64, r-release-windows-x86_64, r-oldrel-macos-arm64, r-oldrel-macos-x86_64, r-oldrel-windows-ix86+x86_64