CRAN Package Check Results for Package osmplotr

Last updated on 2022-05-24 08:53:34 CEST.

Flavor Version Tinstall Tcheck Ttotal Status Flags
r-devel-linux-x86_64-debian-clang 0.3.3 16.57 259.93 276.50 OK
r-devel-linux-x86_64-debian-gcc 0.3.3 13.19 189.06 202.25 OK
r-devel-linux-x86_64-fedora-clang 0.3.3 325.35 NOTE
r-devel-linux-x86_64-fedora-gcc 0.3.3 310.40 OK
r-devel-windows-x86_64 0.3.3 59.00 381.00 440.00 NOTE
r-patched-linux-x86_64 0.3.3 18.54 249.90 268.44 OK
r-release-linux-x86_64 0.3.3 OK
r-release-macos-arm64 0.3.3 93.00 NOTE
r-release-macos-x86_64 0.3.3 145.00 NOTE
r-release-windows-x86_64 0.3.3 53.00 324.00 377.00 NOTE
r-oldrel-macos-arm64 0.3.3 111.00 NOTE
r-oldrel-macos-x86_64 0.3.3 124.00 NOTE
r-oldrel-windows-ix86+x86_64 0.3.3 35.00 289.00 324.00 NOTE

Check Details

Version: 0.3.3
Check: installed package size
Result: NOTE
     installed size is 9.2Mb
     sub-directories of 1Mb or more:
     doc 7.8Mb
Flavors: r-devel-linux-x86_64-fedora-clang, r-devel-windows-x86_64, r-release-macos-arm64, r-release-macos-x86_64, r-release-windows-x86_64, r-oldrel-macos-arm64, r-oldrel-macos-x86_64, r-oldrel-windows-ix86+x86_64