CRAN Package Check Results for Package outbreaker2

Last updated on 2024-05-23 21:50:49 CEST.

Flavor Version Tinstall Tcheck Ttotal Status Flags
r-devel-linux-x86_64-debian-clang 1.1.3 60.22 237.96 298.18 NOTE
r-devel-linux-x86_64-debian-gcc 1.1.3 41.66 181.16 222.82 NOTE
r-devel-linux-x86_64-fedora-clang 1.1.3 417.68 NOTE
r-devel-linux-x86_64-fedora-gcc 1.1.3 409.02 NOTE
r-devel-windows-x86_64 1.1.3 46.00 196.00 242.00 NOTE
r-patched-linux-x86_64 1.1.3 48.43 225.65 274.08 NOTE
r-release-linux-x86_64 1.1.3 55.95 228.30 284.25 NOTE
r-release-macos-arm64 1.1.3 139.00 NOTE
r-release-windows-x86_64 1.1.3 47.00 195.00 242.00 NOTE
r-oldrel-macos-arm64 1.1.3 124.00 NOTE
r-oldrel-macos-x86_64 1.1.3 243.00 NOTE
r-oldrel-windows-x86_64 1.1.3 58.00 231.00 289.00 NOTE

Check Details

Version: 1.1.3
Check: C++ specification
Result: NOTE Specified C++11: please drop specification unless essential Flavors: r-devel-linux-x86_64-debian-clang, r-devel-linux-x86_64-debian-gcc, r-devel-linux-x86_64-fedora-clang, r-devel-linux-x86_64-fedora-gcc, r-devel-windows-x86_64, r-patched-linux-x86_64, r-release-linux-x86_64, r-release-macos-arm64, r-release-windows-x86_64, r-oldrel-macos-arm64, r-oldrel-macos-x86_64, r-oldrel-windows-x86_64