CRAN Package Check Results for Package ozmaps

Last updated on 2022-10-04 02:54:46 CEST.

Flavor Version Tinstall Tcheck Ttotal Status Flags
r-devel-linux-x86_64-debian-clang 0.4.5 9.59 78.98 88.57 OK
r-devel-linux-x86_64-debian-gcc 0.4.5 8.50 60.29 68.79 OK
r-devel-linux-x86_64-fedora-clang 0.4.5 121.17 OK
r-devel-linux-x86_64-fedora-gcc 0.4.5 113.86 OK
r-devel-windows-x86_64 0.4.5 22.00 108.00 130.00 OK
r-patched-linux-x86_64 0.4.5 9.47 73.40 82.87 OK
r-release-linux-x86_64 0.4.5 9.55 75.90 85.45 OK
r-release-macos-arm64 0.4.5 36.00 NOTE
r-release-macos-x86_64 0.4.5 51.00 OK
r-release-windows-x86_64 0.4.5 30.00 105.00 135.00 OK
r-oldrel-macos-arm64 0.4.5 35.00 NOTE
r-oldrel-macos-x86_64 0.4.5 48.00 OK
r-oldrel-windows-ix86+x86_64 0.4.5 22.00 99.00 121.00 OK

Check Details

Version: 0.4.5
Check: installed package size
Result: NOTE
     installed size is 5.1Mb
     sub-directories of 1Mb or more:
     data 4.0Mb
Flavors: r-release-macos-arm64, r-oldrel-macos-arm64