CRAN Package Check Results for Package pCODE

Last updated on 2020-09-21 16:07:11 CEST.

Flavor Version Tinstall Tcheck Ttotal Status Flags
r-devel-linux-x86_64-debian-clang 0.9.3 8.58 172.32 180.90 OK
r-devel-linux-x86_64-debian-gcc 0.9.3 7.26 113.56 120.82 OK
r-devel-linux-x86_64-fedora-clang 0.9.3 205.43 NOTE
r-devel-linux-x86_64-fedora-gcc 0.9.3 196.05 NOTE
r-devel-windows-ix86+x86_64 0.9.3 19.00 152.00 171.00 OK
r-patched-linux-x86_64 0.9.3 7.28 156.34 163.62 OK
r-patched-solaris-x86 0.9.3 269.30 NOTE
r-release-linux-x86_64 0.9.3 9.02 158.08 167.10 OK
r-release-macos-x86_64 0.9.3 NOTE
r-release-windows-ix86+x86_64 0.9.3 18.00 215.00 233.00 OK
r-oldrel-macos-x86_64 0.9.3 NOTE
r-oldrel-windows-ix86+x86_64 0.9.3 11.00 225.00 236.00 OK

Check Details

Version: 0.9.3
Check: dependencies in R code
Result: NOTE
    Namespace in Imports field not imported from: ‘base’
     All declared Imports should be used.
Flavors: r-devel-linux-x86_64-fedora-clang, r-devel-linux-x86_64-fedora-gcc, r-patched-solaris-x86, r-release-macos-x86_64, r-oldrel-macos-x86_64